CRAN Package Check Results for Package BetaBit

Last updated on 2021-09-19 09:50:02 CEST.

Flavor Version Tinstall Tcheck Ttotal Status Flags
r-devel-linux-x86_64-debian-clang 1.4 4.83 30.01 34.84 OK
r-devel-linux-x86_64-debian-gcc 1.4 3.78 23.59 27.37 OK
r-devel-linux-x86_64-fedora-clang 1.4 52.10 NOTE
r-devel-linux-x86_64-fedora-gcc 1.4 39.39 NOTE
r-devel-windows-x86_64 1.4 6.00 34.00 40.00 OK
r-devel-windows-x86_64-gcc10-UCRT 1.4 ERROR
r-patched-linux-x86_64 1.4 4.91 29.11 34.02 OK
r-patched-solaris-x86 1.4 60.60 NOTE
r-release-linux-x86_64 1.4 4.73 28.48 33.21 OK
r-release-macos-arm64 1.4 NOTE
r-release-macos-x86_64 1.4 NOTE
r-release-windows-ix86+x86_64 1.4 8.00 46.00 54.00 OK
r-oldrel-macos-x86_64 1.4 NOTE
r-oldrel-windows-ix86+x86_64 1.4 8.00 34.00 42.00 OK

Check Details

Version: 1.4
Check: data for non-ASCII characters
Result: NOTE
     Note: found 20 marked UTF-8 strings
Flavors: r-devel-linux-x86_64-fedora-clang, r-devel-linux-x86_64-fedora-gcc, r-devel-windows-x86_64-gcc10-UCRT, r-patched-solaris-x86, r-release-macos-arm64, r-release-macos-x86_64, r-oldrel-macos-x86_64

Version: 1.4
Check: package dependencies
Result: NOTE
    Package suggested but not available for checking: 'XML'
Flavor: r-devel-windows-x86_64-gcc10-UCRT

Version: 1.4
Check: whether package can be installed
Result: WARN
    Found the following significant warnings:
     WARNING: installation-time patches will not be applied, could not get the patches index
Flavor: r-devel-windows-x86_64-gcc10-UCRT

Version: 1.4
Check: PDF version of manual
Result: WARN
    LaTeX errors when creating PDF version.
    This typically indicates Rd problems.
Flavor: r-devel-windows-x86_64-gcc10-UCRT

Version: 1.4
Check: PDF version of manual without hyperrefs or index
Result: ERROR
    Re-running with no redirection of stdout/stderr.
Flavor: r-devel-windows-x86_64-gcc10-UCRT