Last updated on 2024-05-11 09:51:14 CEST.
Flavor | Version | Tinstall | Tcheck | Ttotal | Status | Flags |
---|---|---|---|---|---|---|
r-devel-linux-x86_64-debian-clang | 1.1.1 | 45.29 | 601.30 | 646.59 | OK | |
r-devel-linux-x86_64-debian-gcc | 1.1.1 | 41.35 | 435.51 | 476.86 | OK | |
r-devel-linux-x86_64-fedora-clang | 1.1.1 | 848.80 | NOTE | |||
r-devel-linux-x86_64-fedora-gcc | 1.1.1 | 948.70 | NOTE | |||
r-devel-windows-x86_64 | 1.1.1 | 40.00 | 392.00 | 432.00 | OK | |
r-patched-linux-x86_64 | 1.1.1 | 36.92 | 577.41 | 614.33 | OK | |
r-release-linux-x86_64 | 1.1.1 | 38.97 | 564.40 | 603.37 | OK | |
r-release-macos-arm64 | 1.1.1 | 208.00 | ERROR | |||
r-release-macos-x86_64 | 1.1.1 | 522.00 | OK | |||
r-release-windows-x86_64 | 1.1.1 | 37.00 | 413.00 | 450.00 | OK | |
r-oldrel-macos-arm64 | 1.1.1 | 209.00 | ERROR | |||
r-oldrel-macos-x86_64 | 1.1.1 | 492.00 | OK | |||
r-oldrel-windows-x86_64 | 1.1.1 | 51.00 | 523.00 | 574.00 | OK |
Version: 1.1.1
Check: data for non-ASCII characters
Result: NOTE
Note: found 107 marked UTF-8 strings
Flavors: r-devel-linux-x86_64-fedora-clang, r-devel-linux-x86_64-fedora-gcc
Version: 1.1.1
Check: tests
Result: ERROR
Running ‘testthat.R’ [32s/36s]
Running the tests in ‘tests/testthat.R’ failed.
Last 13 lines of output:
══ Failed tests ════════════════════════════════════════════════════════════════
── Error ('test-formattedCombiner.R:61:1'): (code run outside of `test_that()`) ──
Error in `file(.)`: invalid 'description' argument
Backtrace:
▆
1. ├─BeeBDC::formattedCombiner(...) at test-formattedCombiner.R:61:1
2. │ └─... %>% xml2::read_xml()
3. ├─xml2::read_xml(.)
4. └─base::file(.)
[ FAIL 1 | WARN 4 | SKIP 0 | PASS 238 ]
Error: Test failures
Execution halted
Warning message:
Connection is garbage-collected, use dbDisconnect() to avoid this.
Flavor: r-release-macos-arm64
Version: 1.1.1
Check: tests
Result: ERROR
Running ‘testthat.R’ [31s/34s]
Running the tests in ‘tests/testthat.R’ failed.
Last 13 lines of output:
══ Failed tests ════════════════════════════════════════════════════════════════
── Error ('test-formattedCombiner.R:61:1'): (code run outside of `test_that()`) ──
Error in `file(.)`: invalid 'description' argument
Backtrace:
▆
1. ├─BeeBDC::formattedCombiner(...) at test-formattedCombiner.R:61:1
2. │ └─... %>% xml2::read_xml()
3. ├─xml2::read_xml(.)
4. └─base::file(.)
[ FAIL 1 | WARN 4 | SKIP 0 | PASS 238 ]
Error: Test failures
Execution halted
Warning message:
Connection is garbage-collected, use dbDisconnect() to avoid this.
Flavor: r-oldrel-macos-arm64