CRAN Package Check Results for Package BeSS

Last updated on 2021-08-04 09:54:41 CEST.

Flavor Version Tinstall Tcheck Ttotal Status Flags
r-devel-linux-x86_64-debian-clang 2.0.3 96.46 90.08 186.54 OK
r-devel-linux-x86_64-debian-gcc 2.0.3 75.66 75.45 151.11 OK
r-devel-linux-x86_64-fedora-clang 2.0.3 262.26 NOTE
r-devel-linux-x86_64-fedora-gcc 2.0.3 252.89 OK
r-devel-windows-x86_64 2.0.3 77.00 119.00 196.00 OK
r-devel-windows-x86_64-gcc10-UCRT 2.0.3 OK
r-patched-linux-x86_64 2.0.3 99.82 91.41 191.23 OK
r-patched-solaris-x86 2.0.3 265.10 OK
r-release-linux-x86_64 2.0.3 91.27 92.01 183.28 OK
r-release-macos-arm64 2.0.3 NOTE
r-release-macos-x86_64 2.0.3 NOTE
r-release-windows-ix86+x86_64 2.0.3 206.00 133.00 339.00 OK
r-oldrel-macos-x86_64 2.0.3 NOTE
r-oldrel-windows-ix86+x86_64 2.0.3 149.00 180.00 329.00 OK

Check Details

Version: 2.0.3
Check: installed package size
Result: NOTE
     installed size is 27.1Mb
     sub-directories of 1Mb or more:
     libs 26.0Mb
Flavors: r-devel-linux-x86_64-fedora-clang, r-release-macos-arm64, r-release-macos-x86_64, r-oldrel-macos-x86_64