CRAN Package Check Results for Package BayesianTools

Last updated on 2021-09-19 09:50:01 CEST.

Flavor Version Tinstall Tcheck Ttotal Status Flags
r-devel-linux-x86_64-debian-clang 0.1.7 34.06 244.25 278.31 NOTE
r-devel-linux-x86_64-debian-gcc 0.1.7 22.88 174.75 197.63 NOTE
r-devel-linux-x86_64-fedora-clang 0.1.7 348.56 NOTE
r-devel-linux-x86_64-fedora-gcc 0.1.7 314.02 NOTE
r-devel-windows-x86_64 0.1.7 35.00 220.00 255.00 NOTE
r-devel-windows-x86_64-gcc10-UCRT 0.1.7 ERROR
r-patched-linux-x86_64 0.1.7 27.77 235.48 263.25 NOTE
r-patched-solaris-x86 0.1.7 398.60 NOTE
r-release-linux-x86_64 0.1.7 27.13 229.18 256.31 NOTE
r-release-macos-arm64 0.1.7 NOTE
r-release-macos-x86_64 0.1.7 NOTE
r-release-windows-ix86+x86_64 0.1.7 71.00 366.00 437.00 NOTE
r-oldrel-macos-x86_64 0.1.7 OK
r-oldrel-windows-ix86+x86_64 0.1.7 70.00 366.00 436.00 OK

Check Details

Version: 0.1.7
Check: LazyData
Result: NOTE
     'LazyData' is specified without a 'data' directory
Flavors: r-devel-linux-x86_64-debian-clang, r-devel-linux-x86_64-debian-gcc, r-devel-linux-x86_64-fedora-clang, r-devel-linux-x86_64-fedora-gcc, r-devel-windows-x86_64, r-patched-linux-x86_64, r-patched-solaris-x86, r-release-linux-x86_64, r-release-macos-arm64, r-release-macos-x86_64, r-release-windows-ix86+x86_64

Version: 0.1.7
Check: whether package can be installed
Result: ERROR
    Installation failed.
Flavor: r-devel-windows-x86_64-gcc10-UCRT