CRAN Package Check Results for Package BayesMFSurv

Last updated on 2021-10-22 09:52:57 CEST.

Flavor Version Tinstall Tcheck Ttotal Status Flags
r-devel-linux-x86_64-debian-clang 0.1.0 30.80 84.77 115.57 OK
r-devel-linux-x86_64-debian-gcc 0.1.0 27.17 64.54 91.71 OK
r-devel-linux-x86_64-fedora-clang 0.1.0 167.97 NOTE
r-devel-linux-x86_64-fedora-gcc 0.1.0 150.29 NOTE
r-devel-windows-x86_64 0.1.0 48.00 122.00 170.00 OK
r-devel-windows-x86_64-gcc10-UCRT 0.1.0 NOTE
r-patched-linux-x86_64 0.1.0 32.50 81.88 114.38 OK
r-patched-solaris-x86 0.1.0 204.80 NOTE
r-release-linux-x86_64 0.1.0 30.52 82.78 113.30 OK
r-release-macos-arm64 0.1.0 NOTE
r-release-macos-x86_64 0.1.0 NOTE
r-release-windows-ix86+x86_64 0.1.0 64.00 167.00 231.00 OK
r-oldrel-macos-x86_64 0.1.0 NOTE
r-oldrel-windows-ix86+x86_64 0.1.0 90.00 175.00 265.00 OK

Check Details

Version: 0.1.0
Check: dependencies in R code
Result: NOTE
    Namespace in Imports field not imported from: ‘FastGP’
     All declared Imports should be used.
Flavors: r-devel-linux-x86_64-fedora-clang, r-devel-linux-x86_64-fedora-gcc, r-devel-windows-x86_64-gcc10-UCRT, r-patched-solaris-x86, r-release-macos-arm64, r-release-macos-x86_64, r-oldrel-macos-x86_64