CRAN Package Check Results for Package Barycenter

Last updated on 2021-10-16 09:54:10 CEST.

Flavor Version Tinstall Tcheck Ttotal Status Flags
r-devel-linux-x86_64-debian-clang 1.3.1 63.95 31.75 95.70 OK
r-devel-linux-x86_64-debian-gcc 1.3.1 43.97 25.36 69.33 OK
r-devel-linux-x86_64-fedora-clang 1.3.1 150.53 NOTE
r-devel-linux-x86_64-fedora-gcc 1.3.1 124.55 OK
r-devel-windows-x86_64 1.3.1 74.00 60.00 134.00 OK
r-devel-windows-x86_64-gcc10-UCRT 1.3.1 OK
r-patched-linux-x86_64 1.3.1 52.66 31.48 84.14 OK
r-patched-solaris-x86 1.3.1 147.80 OK
r-release-linux-x86_64 1.3.1 48.00 31.60 79.60 OK
r-release-macos-arm64 1.3.1 NOTE
r-release-macos-x86_64 1.3.1 NOTE
r-release-windows-ix86+x86_64 1.3.1 156.00 87.00 243.00 NOTE
r-oldrel-macos-x86_64 1.3.1 NOTE
r-oldrel-windows-ix86+x86_64 1.3.1 159.00 91.00 250.00 NOTE

Check Details

Version: 1.3.1
Check: installed package size
Result: NOTE
     installed size is 5.6Mb
     sub-directories of 1Mb or more:
     data 2.8Mb
     libs 2.7Mb
Flavors: r-devel-linux-x86_64-fedora-clang, r-release-macos-arm64, r-release-macos-x86_64, r-release-windows-ix86+x86_64, r-oldrel-macos-x86_64, r-oldrel-windows-ix86+x86_64