Last updated on 2024-04-23 10:53:58 CEST.
Flavor | Version | Tinstall | Tcheck | Ttotal | Status | Flags |
---|---|---|---|---|---|---|
r-devel-linux-x86_64-debian-clang | 1.0.4 | 10.44 | 117.32 | 127.76 | NOTE | |
r-devel-linux-x86_64-debian-gcc | 1.0.4 | 8.17 | 86.83 | 95.00 | NOTE | |
r-devel-linux-x86_64-fedora-clang | 1.0.4 | 171.02 | NOTE | |||
r-devel-linux-x86_64-fedora-gcc | 1.0.4 | 169.45 | NOTE | |||
r-prerel-macos-arm64 | 1.0.4 | 50.00 | NOTE | |||
r-prerel-macos-x86_64 | 1.0.4 | 175.00 | NOTE | |||
r-prerel-windows-x86_64 | 1.0.4 | 8.00 | 100.00 | 108.00 | NOTE | |
r-patched-linux-x86_64 | 1.0.4 | 7.09 | 114.39 | 121.48 | NOTE | |
r-release-linux-x86_64 | 1.0.4 | 8.64 | 115.01 | 123.65 | NOTE | |
r-release-macos-arm64 | 1.0.4 | 56.00 | NOTE | |||
r-release-macos-x86_64 | 1.0.4 | 126.00 | NOTE | |||
r-release-windows-x86_64 | 1.0.4 | 12.00 | 120.00 | 132.00 | NOTE | |
r-oldrel-macos-arm64 | 1.0.4 | 53.00 | NOTE | |||
r-oldrel-windows-x86_64 | 1.0.4 | 11.00 | 118.00 | 129.00 | NOTE |
Version: 1.0.4
Check: package dependencies
Result: NOTE
Packages suggested but not available for checking: 'cplexAPI', 'bestsubset'
Flavors: r-devel-linux-x86_64-debian-clang, r-devel-linux-x86_64-debian-gcc, r-devel-linux-x86_64-fedora-clang, r-devel-linux-x86_64-fedora-gcc, r-prerel-macos-arm64, r-prerel-macos-x86_64, r-prerel-windows-x86_64, r-patched-linux-x86_64, r-release-linux-x86_64, r-release-macos-arm64, r-release-macos-x86_64, r-release-windows-x86_64, r-oldrel-macos-arm64, r-oldrel-windows-x86_64