CRAN Package Check Results for Package BH

Last updated on 2021-09-19 09:50:02 CEST.

Flavor Version Tinstall Tcheck Ttotal Status Flags
r-devel-linux-x86_64-debian-clang 1.75.0-0 27.84 45.22 73.06 OK
r-devel-linux-x86_64-debian-gcc 1.75.0-0 17.53 35.23 52.76 OK
r-devel-linux-x86_64-fedora-clang 1.75.0-0 69.88 NOTE
r-devel-linux-x86_64-fedora-gcc 1.75.0-0 58.51 OK
r-devel-windows-x86_64 1.75.0-0 67.00 47.00 114.00 NOTE
r-devel-windows-x86_64-gcc10-UCRT 1.75.0-0 ERROR
r-patched-linux-x86_64 1.75.0-0 25.22 43.26 68.48 OK
r-patched-solaris-x86 1.75.0-0 188.30 NOTE
r-release-linux-x86_64 1.75.0-0 25.69 43.27 68.96 OK
r-release-macos-arm64 1.75.0-0 NOTE
r-release-macos-x86_64 1.75.0-0 NOTE
r-release-windows-ix86+x86_64 1.75.0-0 94.00 58.00 152.00 NOTE
r-oldrel-macos-x86_64 1.75.0-0 NOTE
r-oldrel-windows-ix86+x86_64 1.75.0-0 78.00 50.00 128.00 NOTE

Check Details

Version: 1.75.0-0
Check: installed package size
Result: NOTE
     installed size is 146.8Mb
     sub-directories of 1Mb or more:
     include 146.7Mb
Flavors: r-devel-linux-x86_64-fedora-clang, r-devel-windows-x86_64, r-patched-solaris-x86, r-release-macos-arm64, r-release-macos-x86_64, r-release-windows-ix86+x86_64, r-oldrel-macos-x86_64, r-oldrel-windows-ix86+x86_64

Version: 1.75.0-0
Check: whether package can be installed
Result: WARN
    Found the following significant warnings:
     WARNING: installation-time patches will not be applied, could not get the patches index
Flavor: r-devel-windows-x86_64-gcc10-UCRT

Version: 1.75.0-0
Check: PDF version of manual
Result: WARN
    LaTeX errors when creating PDF version.
    This typically indicates Rd problems.
Flavor: r-devel-windows-x86_64-gcc10-UCRT

Version: 1.75.0-0
Check: PDF version of manual without hyperrefs or index
Result: ERROR
    Re-running with no redirection of stdout/stderr.
Flavor: r-devel-windows-x86_64-gcc10-UCRT