Last updated on 2024-04-25 07:59:46 CEST.
Flavor | Version | Tinstall | Tcheck | Ttotal | Status | Flags |
---|---|---|---|---|---|---|
r-devel-linux-x86_64-debian-clang | 0.5 | 37.65 | 47.10 | 84.75 | NOTE | |
r-devel-linux-x86_64-debian-gcc | 0.5 | 29.15 | 35.38 | 64.53 | NOTE | |
r-devel-linux-x86_64-fedora-clang | 0.5 | 124.64 | NOTE | |||
r-devel-linux-x86_64-fedora-gcc | 0.5 | 176.77 | NOTE | |||
r-devel-windows-x86_64 | 0.5 | 36.00 | 102.00 | 138.00 | NOTE | |
r-patched-linux-x86_64 | 0.5 | 42.33 | 46.00 | 88.33 | NOTE | |
r-release-linux-x86_64 | 0.5 | 41.97 | 42.99 | 84.96 | NOTE | |
r-release-macos-arm64 | 0.5 | 52.00 | NOTE | |||
r-release-windows-x86_64 | 0.5 | 33.00 | 76.00 | 109.00 | NOTE | |
r-oldrel-macos-arm64 | 0.5 | 58.00 | NOTE | |||
r-oldrel-macos-x86_64 | 0.5 | 83.00 | NOTE | |||
r-oldrel-windows-x86_64 | 0.5 | 43.00 | 83.00 | 126.00 | NOTE |
Version: 0.5
Check: LazyData
Result: NOTE
'LazyData' is specified without a 'data' directory
Flavors: r-devel-linux-x86_64-debian-clang, r-devel-linux-x86_64-debian-gcc, r-devel-linux-x86_64-fedora-clang, r-devel-linux-x86_64-fedora-gcc, r-devel-windows-x86_64, r-patched-linux-x86_64, r-release-linux-x86_64, r-release-macos-arm64, r-release-windows-x86_64, r-oldrel-macos-arm64, r-oldrel-macos-x86_64, r-oldrel-windows-x86_64