CRAN Package Check Results for Package BCSub

Last updated on 2021-10-23 10:56:46 CEST.

Flavor Version Tinstall Tcheck Ttotal Status Flags
r-devel-linux-x86_64-debian-clang 0.5 36.42 64.57 100.99 NOTE
r-devel-linux-x86_64-debian-gcc 0.5 27.31 49.73 77.04 NOTE
r-devel-linux-x86_64-fedora-clang 0.5 147.36 NOTE
r-devel-linux-x86_64-fedora-gcc 0.5 130.28 NOTE
r-devel-windows-x86_64 0.5 48.00 117.00 165.00 NOTE
r-devel-windows-x86_64-gcc10-UCRT 0.5 NOTE
r-patched-linux-x86_64 0.5 35.92 40.70 76.62 NOTE
r-patched-solaris-x86 0.5 130.70 NOTE
r-release-linux-x86_64 0.5 36.84 40.64 77.48 NOTE
r-release-macos-arm64 0.5 NOTE
r-release-macos-x86_64 0.5 NOTE
r-release-windows-ix86+x86_64 0.5 75.00 110.00 185.00 NOTE
r-oldrel-macos-x86_64 0.5 OK
r-oldrel-windows-ix86+x86_64 0.5 97.00 106.00 203.00 OK

Check Details

Version: 0.5
Check: LazyData
Result: NOTE
     'LazyData' is specified without a 'data' directory
Flavors: r-devel-linux-x86_64-debian-clang, r-devel-linux-x86_64-debian-gcc, r-devel-linux-x86_64-fedora-clang, r-devel-linux-x86_64-fedora-gcc, r-devel-windows-x86_64, r-devel-windows-x86_64-gcc10-UCRT, r-patched-linux-x86_64, r-patched-solaris-x86, r-release-linux-x86_64, r-release-macos-arm64, r-release-macos-x86_64, r-release-windows-ix86+x86_64