Last updated on 2024-08-13 09:48:09 CEST.
Flavor | Version | Tinstall | Tcheck | Ttotal | Status | Flags |
---|---|---|---|---|---|---|
r-devel-linux-x86_64-debian-clang | 3.7.0 | 5.23 | 43.38 | 48.61 | NOTE | |
r-devel-linux-x86_64-debian-gcc | 3.7.0 | 4.04 | 30.26 | 34.30 | NOTE | |
r-devel-linux-x86_64-fedora-clang | 3.7.0 | 79.16 | NOTE | |||
r-devel-linux-x86_64-fedora-gcc | 3.7.0 | 86.06 | NOTE | |||
r-devel-windows-x86_64 | 3.7.0 | 8.00 | 68.00 | 76.00 | NOTE | |
r-patched-linux-x86_64 | 3.7.0 | 11.53 | 40.07 | 51.60 | OK | |
r-release-linux-x86_64 | 3.7.0 | 6.09 | 40.16 | 46.25 | OK | |
r-release-macos-arm64 | 3.7.0 | 34.00 | OK | |||
r-release-macos-x86_64 | 3.7.0 | 59.00 | OK | |||
r-release-windows-x86_64 | 3.7.0 | 8.00 | 68.00 | 76.00 | OK | |
r-oldrel-macos-arm64 | 3.7.0 | 34.00 | OK | |||
r-oldrel-macos-x86_64 | 3.7.0 | 50.00 | OK | |||
r-oldrel-windows-x86_64 | 3.7.0 | 10.00 | 72.00 | 82.00 | OK |
Version: 3.7.0
Check: Rd cross-references
Result: NOTE
Found the following Rd file(s) with Rd \link{} targets missing package
anchors:
az_storage.Rd: az_resource_group
Please provide package anchors for all Rd \link{} targets not in the
package itself and the base packages.
Flavors: r-devel-linux-x86_64-debian-clang, r-devel-linux-x86_64-debian-gcc, r-devel-windows-x86_64
Version: 3.7.0
Check: dependencies in R code
Result: NOTE
Namespace in Imports field not imported from: ‘R6’
All declared Imports should be used.
Flavors: r-devel-linux-x86_64-fedora-clang, r-devel-linux-x86_64-fedora-gcc