Last updated on 2024-03-27 10:09:19 CET.
Flavor | Version | Tinstall | Tcheck | Ttotal | Status | Flags |
---|---|---|---|---|---|---|
r-devel-linux-x86_64-debian-clang | 0.2.0 | 5.34 | 50.36 | 55.70 | NOTE | |
r-devel-linux-x86_64-debian-gcc | 0.2.0 | 4.47 | 38.31 | 42.78 | NOTE | |
r-devel-linux-x86_64-fedora-clang | 0.2.0 | 68.01 | NOTE | |||
r-devel-linux-x86_64-fedora-gcc | 0.2.0 | 69.04 | NOTE | |||
r-devel-windows-x86_64 | 0.2.0 | 6.00 | 56.00 | 62.00 | NOTE | |
r-patched-linux-x86_64 | 0.2.0 | 5.14 | 47.48 | 52.62 | NOTE | |
r-release-linux-x86_64 | 0.2.0 | 5.54 | 49.85 | 55.39 | NOTE | |
r-release-macos-arm64 | 0.2.0 | 26.00 | NOTE | |||
r-release-macos-x86_64 | 0.2.0 | 36.00 | NOTE | |||
r-release-windows-x86_64 | 0.2.0 | 8.00 | 62.00 | 70.00 | NOTE | |
r-oldrel-macos-arm64 | 0.2.0 | 24.00 | NOTE | |||
r-oldrel-windows-x86_64 | 0.2.0 | 7.00 | 70.00 | 77.00 | NOTE |
Version: 0.2.0
Check: LazyData
Result: NOTE
'LazyData' is specified without a 'data' directory
Flavors: r-devel-linux-x86_64-debian-clang, r-devel-linux-x86_64-debian-gcc, r-devel-linux-x86_64-fedora-clang, r-devel-linux-x86_64-fedora-gcc, r-devel-windows-x86_64, r-patched-linux-x86_64, r-release-linux-x86_64, r-release-macos-arm64, r-release-macos-x86_64, r-release-windows-x86_64, r-oldrel-macos-arm64, r-oldrel-windows-x86_64