CRAN Package Check Results for Package AnalyzeFMRI

Last updated on 2021-09-25 09:53:44 CEST.

Flavor Version Tinstall Tcheck Ttotal Status Flags
r-devel-linux-x86_64-debian-clang 1.1-23 31.43 75.62 107.05 WARN
r-devel-linux-x86_64-debian-gcc 1.1-23 21.87 58.87 80.74 WARN
r-devel-linux-x86_64-fedora-clang 1.1-23 140.45 OK
r-devel-linux-x86_64-fedora-gcc 1.1-23 130.98 OK
r-devel-windows-x86_64 1.1-23 25.00 75.00 100.00 OK
r-devel-windows-x86_64-gcc10-UCRT 1.1-23 OK
r-patched-linux-x86_64 1.1-23 26.26 75.32 101.58 WARN
r-patched-solaris-x86 1.1-23 191.30 OK
r-release-linux-x86_64 1.1-23 25.02 76.44 101.46 WARN
r-release-macos-arm64 1.1-23 OK
r-release-macos-x86_64 1.1-23 OK
r-release-windows-ix86+x86_64 1.1-23 59.00 128.00 187.00 OK
r-oldrel-macos-x86_64 1.1-23 OK
r-oldrel-windows-ix86+x86_64 1.1-23 41.00 104.00 145.00 OK

Check Details

Version: 1.1-23
Check: top-level files
Result: WARN
     Output from running autoreconf:
     configure.ac:43: warning: The macro `AC_TRY_LINK' is obsolete.
     configure.ac:43: You should run autoupdate.
     ./lib/autoconf/general.m4:2920: AC_TRY_LINK is expanded from...
     configure.ac:43: the top level
     configure.ac:47: warning: The macro `AC_TRY_LINK' is obsolete.
     configure.ac:47: You should run autoupdate.
     ./lib/autoconf/general.m4:2920: AC_TRY_LINK is expanded from...
     configure.ac:47: the top level
     configure.ac:74: warning: AC_OUTPUT should be used without arguments.
     configure.ac:74: You should run autoupdate.
Flavors: r-devel-linux-x86_64-debian-clang, r-devel-linux-x86_64-debian-gcc, r-patched-linux-x86_64, r-release-linux-x86_64