Last updated on 2024-04-24 10:22:47 CEST.
Flavor | Version | Tinstall | Tcheck | Ttotal | Status | Flags |
---|---|---|---|---|---|---|
r-devel-linux-x86_64-debian-clang | 0.8.1 | 23.77 | 139.56 | 163.33 | NOTE | |
r-devel-linux-x86_64-debian-gcc | 0.8.1 | 16.02 | 98.97 | 114.99 | NOTE | |
r-devel-linux-x86_64-fedora-clang | 0.8.1 | 211.95 | NOTE | |||
r-devel-linux-x86_64-fedora-gcc | 0.8.1 | 211.79 | NOTE | |||
r-devel-windows-x86_64 | 0.8.1 | 18.00 | 114.00 | 132.00 | NOTE | |
r-patched-linux-x86_64 | 0.8.1 | 22.72 | 128.59 | 151.31 | NOTE | |
r-release-linux-x86_64 | 0.8.1 | 18.13 | 131.28 | 149.41 | OK | |
r-release-macos-arm64 | 0.8.1 | 61.00 | NOTE | |||
r-release-windows-x86_64 | 0.8.1 | 25.00 | 138.00 | 163.00 | NOTE | |
r-oldrel-macos-arm64 | 0.8.1 | 53.00 | NOTE | |||
r-oldrel-macos-x86_64 | 0.8.1 | 98.00 | NOTE | |||
r-oldrel-windows-x86_64 | 0.8.1 | 25.00 | 118.00 | 143.00 | NOTE |
Version: 0.8.1
Check: Rd files
Result: NOTE
checkRd: (-1) med.groups.Rd:20: Lost braces; missing escapes or markup?
20 | medication groups using the construction \emph{"{NAME}"}.
| ^
checkRd: (-1) med.groups.Rd:26: Lost braces; missing escapes or markup?
26 | Another example is "NotVita" defined as "(!{Vitamines})", which selects all
| ^
Flavors: r-devel-linux-x86_64-debian-clang, r-devel-linux-x86_64-debian-gcc, r-devel-linux-x86_64-fedora-clang, r-devel-linux-x86_64-fedora-gcc, r-devel-windows-x86_64, r-patched-linux-x86_64
Version: 0.8.1
Check: installed package size
Result: NOTE
installed size is 6.2Mb
sub-directories of 1Mb or more:
doc 3.7Mb
Flavors: r-devel-linux-x86_64-fedora-clang, r-devel-windows-x86_64, r-release-macos-arm64, r-release-windows-x86_64, r-oldrel-macos-arm64, r-oldrel-macos-x86_64, r-oldrel-windows-x86_64