Last updated on 2024-04-23 10:53:56 CEST.
Flavor | Version | Tinstall | Tcheck | Ttotal | Status | Flags |
---|---|---|---|---|---|---|
r-devel-linux-x86_64-debian-clang | 0.1.1 | 13.87 | 126.46 | 140.33 | NOTE | |
r-devel-linux-x86_64-debian-gcc | 0.1.1 | 10.33 | 92.68 | 103.01 | NOTE | |
r-devel-linux-x86_64-fedora-clang | 0.1.1 | 173.48 | NOTE | |||
r-devel-linux-x86_64-fedora-gcc | 0.1.1 | 195.95 | NOTE | |||
r-prerel-macos-arm64 | 0.1.1 | 55.00 | NOTE | |||
r-prerel-windows-x86_64 | 0.1.1 | 11.00 | 100.00 | 111.00 | NOTE | |
r-patched-linux-x86_64 | 0.1.1 | 7.79 | 118.10 | 125.89 | NOTE | |
r-release-linux-x86_64 | 0.1.1 | 14.43 | 118.11 | 132.54 | NOTE | |
r-release-macos-arm64 | 0.1.1 | 61.00 | NOTE | |||
r-release-macos-x86_64 | 0.1.1 | 86.00 | NOTE | |||
r-release-windows-x86_64 | 0.1.1 | 16.00 | 121.00 | 137.00 | NOTE | |
r-oldrel-macos-arm64 | 0.1.1 | 49.00 | NOTE | |||
r-oldrel-windows-x86_64 | 0.1.1 | 17.00 | 128.00 | 145.00 | OK |
Version: 0.1.1
Check: package subdirectories
Result: NOTE
Problems with news in ‘NEWS.md’:
No news entries found.
Flavors: r-devel-linux-x86_64-debian-clang, r-devel-linux-x86_64-debian-gcc, r-devel-linux-x86_64-fedora-clang, r-devel-linux-x86_64-fedora-gcc, r-prerel-macos-arm64, r-prerel-windows-x86_64, r-patched-linux-x86_64, r-release-linux-x86_64, r-release-macos-arm64, r-release-macos-x86_64, r-release-windows-x86_64
Version: 0.1.1
Check: dependencies in R code
Result: NOTE
Namespace in Imports field not imported from: ‘tidyr’
All declared Imports should be used.
Flavors: r-devel-linux-x86_64-fedora-clang, r-devel-linux-x86_64-fedora-gcc, r-oldrel-macos-arm64