CRAN Package Check Results for Package ASMap

Last updated on 2021-09-17 09:53:16 CEST.

Flavor Version Tinstall Tcheck Ttotal Status Flags
r-devel-linux-x86_64-debian-clang 1.0-4 31.89 421.22 453.11 NOTE
r-devel-linux-x86_64-debian-gcc 1.0-4 21.64 395.10 416.74 NOTE
r-devel-linux-x86_64-fedora-clang 1.0-4 566.57 NOTE
r-devel-linux-x86_64-fedora-gcc 1.0-4 610.48 NOTE
r-devel-windows-x86_64 1.0-4 28.00 113.00 141.00 OK --no-examples --no-tests --no-vignettes
r-devel-windows-x86_64-gcc10-UCRT 1.0-4 OK
r-patched-linux-x86_64 1.0-4 29.49 465.32 494.81 NOTE
r-patched-solaris-x86 1.0-4 2212.40 WARN
r-release-linux-x86_64 1.0-4 24.36 455.35 479.71 NOTE
r-release-macos-arm64 1.0-4 OK
r-release-macos-x86_64 1.0-4 OK
r-release-windows-ix86+x86_64 1.0-4 64.00 109.00 173.00 OK --no-examples --no-tests --no-vignettes
r-oldrel-macos-x86_64 1.0-4 OK
r-oldrel-windows-ix86+x86_64 1.0-4 51.00 149.00 200.00 OK --no-examples --no-tests --no-vignettes

Check Details

Version: 1.0-4
Check: for non-standard things in the check directory
Result: NOTE
    Found the following files/directories:
     'MSToutput.txt'
Flavors: r-devel-linux-x86_64-debian-clang, r-devel-linux-x86_64-debian-gcc, r-devel-linux-x86_64-fedora-clang, r-devel-linux-x86_64-fedora-gcc, r-patched-linux-x86_64, r-patched-solaris-x86, r-release-linux-x86_64

Version: 1.0-4
Check: re-building of vignette outputs
Result: WARN
    Error(s) in re-building vignettes:
     ...
    --- re-building ‘asmapvignette.Rnw’ using knitr
    Warning in summary.cross(cross) :
     Some markers at the same position on chr 1B1,1D,2B,2D1,3A,3B,3D,4A,5A,5B,5D,6D,7A,7B,7D; use jittermap().
    Warning in summary.cross(cross) :
     Some chromosomes > 1000 cM in length; there may be a problem with the genetic map.
     (Perhaps it is in basepairs?)
    Warning in summary.cross(cross) :
     Some markers at the same position on chr L.1,L.2,L.3,L.4,L.5,L.6,L.7,L.8,L.9; use jittermap().
    Warning in heatMap(mapBC6, chr = c("L.3", "L.5", "L.8", "L.9"), lmax = 70) :
     Running est.rf.
    Warning in summary.cross(cross) :
     Some markers at the same position on chr L.1,L.2,L.3,L.4,L.5,L.6,L.7; use jittermap().
Flavor: r-patched-solaris-x86