CRAN Package Check Results for Package AMORE

Last updated on 2021-09-24 09:54:15 CEST.

Flavor Version Tinstall Tcheck Ttotal Status Flags
r-devel-linux-x86_64-debian-clang 0.2-16 4.77 25.49 30.26 OK
r-devel-linux-x86_64-debian-gcc 0.2-16 3.78 19.52 23.30 OK
r-devel-linux-x86_64-fedora-clang 0.2-16 14.13 ERROR
r-devel-linux-x86_64-fedora-gcc 0.2-16 34.70 OK
r-devel-windows-x86_64 0.2-16 9.00 29.00 38.00 OK
r-devel-windows-x86_64-gcc10-UCRT 0.2-16 OK
r-patched-linux-x86_64 0.2-16 4.44 24.45 28.89 OK
r-patched-solaris-x86 0.2-16 51.00 OK
r-release-linux-x86_64 0.2-16 4.31 24.38 28.69 OK
r-release-macos-arm64 0.2-16 OK
r-release-macos-x86_64 0.2-16 OK
r-release-windows-ix86+x86_64 0.2-16 16.00 46.00 62.00 OK
r-oldrel-macos-x86_64 0.2-16 OK
r-oldrel-windows-ix86+x86_64 0.2-16 14.00 44.00 58.00 OK

Check Details

Version: 0.2-16
Check: whether package can be installed
Result: ERROR
    Installation failed.
Flavor: r-devel-linux-x86_64-fedora-clang