Last updated on 2024-04-23 10:53:56 CEST.
Flavor | Version | Tinstall | Tcheck | Ttotal | Status | Flags |
---|---|---|---|---|---|---|
r-devel-linux-x86_64-debian-clang | 0.6.3.2 | 7.54 | 74.67 | 82.21 | OK | |
r-devel-linux-x86_64-debian-gcc | 0.6.3.2 | 5.36 | 54.24 | 59.60 | OK | |
r-devel-linux-x86_64-fedora-clang | 0.6.3.2 | 104.10 | NOTE | |||
r-devel-linux-x86_64-fedora-gcc | 0.6.3.2 | 113.27 | NOTE | |||
r-prerel-macos-arm64 | 0.6.3.2 | 36.00 | OK | |||
r-prerel-windows-x86_64 | 0.6.3.2 | 6.00 | 72.00 | 78.00 | OK | |
r-patched-linux-x86_64 | 0.6.3.2 | 9.12 | 71.54 | 80.66 | OK | |
r-release-linux-x86_64 | 0.6.3.2 | 7.00 | 69.48 | 76.48 | OK | |
r-release-macos-arm64 | 0.6.3.2 | 37.00 | OK | |||
r-release-macos-x86_64 | 0.6.3.2 | 58.00 | OK | |||
r-release-windows-x86_64 | 0.6.3.2 | 8.00 | 84.00 | 92.00 | OK | |
r-oldrel-macos-arm64 | 0.6.3.2 | 31.00 | NOTE | |||
r-oldrel-windows-x86_64 | 0.6.3.2 | 10.00 | 86.00 | 96.00 | OK |
Version: 0.6.3.2
Check: dependencies in R code
Result: NOTE
Namespaces in Imports field not imported from:
‘Rsolnp’ ‘SuperLearner’ ‘future.apply’ ‘ggplot2’ ‘progressr’ ‘stats’
‘utils’
All declared Imports should be used.
Flavors: r-devel-linux-x86_64-fedora-clang, r-devel-linux-x86_64-fedora-gcc, r-oldrel-macos-arm64