Last updated on 2024-04-26 09:51:53 CEST.
Flavor | Version | Tinstall | Tcheck | Ttotal | Status | Flags |
---|---|---|---|---|---|---|
r-devel-linux-x86_64-debian-clang | 0.20.0 | 1.56 | 27.49 | 29.05 | NOTE | |
r-devel-linux-x86_64-debian-gcc | 0.20.0 | 1.87 | 21.01 | 22.88 | NOTE | |
r-devel-linux-x86_64-fedora-clang | 0.20.0 | 40.83 | NOTE | |||
r-devel-linux-x86_64-fedora-gcc | 0.20.0 | 52.53 | NOTE | |||
r-devel-windows-x86_64 | 0.20.0 | 4.00 | 55.00 | 59.00 | NOTE | |
r-patched-linux-x86_64 | 0.20.0 | 1.98 | 25.72 | 27.70 | NOTE | |
r-release-linux-x86_64 | 0.20.0 | 2.58 | 25.98 | 28.56 | NOTE | |
r-release-macos-arm64 | 0.20.0 | 22.00 | NOTE | |||
r-release-windows-x86_64 | 0.20.0 | 3.00 | 55.00 | 58.00 | NOTE | |
r-oldrel-macos-arm64 | 0.20.0 | 23.00 | NOTE | |||
r-oldrel-macos-x86_64 | 0.20.0 | 28.00 | NOTE | |||
r-oldrel-windows-x86_64 | 0.20.0 | 4.00 | 40.00 | 44.00 | NOTE |
Version: 0.20.0
Check: LazyData
Result: NOTE
'LazyData' is specified without a 'data' directory
Flavors: r-devel-linux-x86_64-debian-clang, r-devel-linux-x86_64-debian-gcc, r-devel-linux-x86_64-fedora-clang, r-devel-linux-x86_64-fedora-gcc, r-devel-windows-x86_64, r-patched-linux-x86_64, r-release-linux-x86_64, r-release-macos-arm64, r-release-windows-x86_64, r-oldrel-macos-arm64, r-oldrel-macos-x86_64, r-oldrel-windows-x86_64