CRAN Package Check Results for Package ACEt

Last updated on 2021-10-21 09:54:43 CEST.

Flavor Version Tinstall Tcheck Ttotal Status Flags
r-devel-linux-x86_64-debian-clang 1.8.1 84.18 45.53 129.71 OK
r-devel-linux-x86_64-debian-gcc 1.8.1 58.89 34.95 93.84 OK
r-devel-linux-x86_64-fedora-clang 1.8.1 202.03 NOTE
r-devel-linux-x86_64-fedora-gcc 1.8.1 167.10 OK
r-devel-windows-x86_64 1.8.1 99.00 81.00 180.00 OK
r-devel-windows-x86_64-gcc10-UCRT 1.8.1 OK
r-patched-linux-x86_64 1.8.1 70.96 44.86 115.82 OK
r-patched-solaris-x86 1.8.1 176.40 OK
r-release-linux-x86_64 1.8.1 72.87 45.03 117.90 OK
r-release-macos-arm64 1.8.1 NOTE
r-release-macos-x86_64 1.8.1 NOTE
r-release-windows-ix86+x86_64 1.8.1 150.00 101.00 251.00 OK
r-oldrel-macos-x86_64 1.8.1 NOTE
r-oldrel-windows-ix86+x86_64 1.8.1 203.00 97.00 300.00 OK

Check Details

Version: 1.8.1
Check: installed package size
Result: NOTE
     installed size is 5.5Mb
     sub-directories of 1Mb or more:
     libs 5.2Mb
Flavors: r-devel-linux-x86_64-fedora-clang, r-release-macos-arm64, r-release-macos-x86_64, r-oldrel-macos-x86_64