Last updated on 2025-10-22 09:50:57 CEST.
Flavor | Version | Tinstall | Tcheck | Ttotal | Status | Flags |
---|---|---|---|---|---|---|
r-devel-linux-x86_64-debian-clang | 0.6.1 | 4.98 | 55.46 | 60.44 | NOTE | |
r-devel-linux-x86_64-debian-gcc | 0.6.1 | 3.75 | 39.53 | 43.28 | NOTE | |
r-devel-linux-x86_64-fedora-clang | 0.6.1 | 21.00 | 77.15 | 98.15 | OK | |
r-devel-linux-x86_64-fedora-gcc | 0.6.1 | 10.00 | 78.76 | 88.76 | OK | |
r-devel-windows-x86_64 | 0.6.1 | 6.00 | 71.00 | 77.00 | OK | |
r-patched-linux-x86_64 | 0.6.1 | 5.19 | 53.87 | 59.06 | OK | |
r-release-linux-x86_64 | 0.6.1 | 4.44 | 53.04 | 57.48 | OK | |
r-release-macos-arm64 | 0.6.1 | 2.00 | 28.00 | 30.00 | OK | |
r-release-macos-x86_64 | 0.6.1 | 6.00 | 56.00 | 62.00 | OK | |
r-release-windows-x86_64 | 0.6.1 | 5.00 | 69.00 | 74.00 | OK | |
r-oldrel-macos-arm64 | 0.6.1 | 2.00 | 30.00 | 32.00 | OK | |
r-oldrel-macos-x86_64 | 0.6.1 | 9.00 | 84.00 | 93.00 | OK | |
r-oldrel-windows-x86_64 | 0.6.1 | 7.00 | 84.00 | 91.00 | OK |
Version: 0.6.1
Check: HTML version of manual
Result: NOTE
Found the following HTML validation problems:
cat_coefficients.html:51:1 (cat_coefficients.Rd:12): Warning: missing </ul> before </div>
expect_values.html:54:1 (expect_values.Rd:14): Warning: missing </ul> before </div>
mip_rule.html:50:1 (mip_rule.Rd:12): Warning: missing </ul> before </div>
translate_mip_lp.html:54:1 (translate_mip_lp.Rd:14): Warning: missing </ul> before </div>
Flavors: r-devel-linux-x86_64-debian-clang, r-devel-linux-x86_64-debian-gcc