Last updated on 2025-10-22 09:50:55 CEST.
Flavor | Version | Tinstall | Tcheck | Ttotal | Status | Flags |
---|---|---|---|---|---|---|
r-devel-linux-x86_64-debian-clang | 0.3.5 | 9.53 | 88.20 | 97.73 | NOTE | |
r-devel-linux-x86_64-debian-gcc | 0.3.5 | 7.10 | 64.75 | 71.85 | NOTE | |
r-devel-linux-x86_64-fedora-clang | 0.3.5 | 59.00 | 96.04 | 155.04 | OK | |
r-devel-linux-x86_64-fedora-gcc | 0.3.5 | 20.00 | 131.50 | 151.50 | OK | |
r-devel-windows-x86_64 | 0.3.5 | 12.00 | 110.00 | 122.00 | OK | |
r-patched-linux-x86_64 | 0.3.5 | 10.84 | 81.02 | 91.86 | OK | |
r-release-linux-x86_64 | 0.3.5 | 7.35 | 81.49 | 88.84 | OK | |
r-release-macos-arm64 | 0.3.5 | 4.00 | 45.00 | 49.00 | OK | |
r-release-macos-x86_64 | 0.3.5 | 8.00 | 94.00 | 102.00 | OK | |
r-release-windows-x86_64 | 0.3.5 | 13.00 | 110.00 | 123.00 | OK | |
r-oldrel-macos-arm64 | 0.3.5 | 4.00 | 52.00 | 56.00 | OK | |
r-oldrel-macos-x86_64 | 0.3.5 | 9.00 | 90.00 | 99.00 | OK | |
r-oldrel-windows-x86_64 | 0.3.5 | 15.00 | 131.00 | 146.00 | OK |
Version: 0.3.5
Check: HTML version of manual
Result: NOTE
Found the following HTML validation problems:
ollama_delete_model.html:50:1 (ollama_delete_model.Rd:12): Warning: missing </ul> before </div>
ollama_download_model.html:51:1 (ollama_download_model.Rd:12): Warning: missing </ul> before </div>
Flavors: r-devel-linux-x86_64-debian-clang, r-devel-linux-x86_64-debian-gcc