CRAN Package Check Results for Package tidyboot

Last updated on 2025-11-02 11:50:39 CET.

Flavor Version Tinstall Tcheck Ttotal Status Flags
r-devel-linux-x86_64-debian-clang 0.1.1 3.45 46.81 50.26 NOTE
r-devel-linux-x86_64-debian-gcc 0.1.1 2.70 34.33 37.03 NOTE
r-devel-linux-x86_64-fedora-clang 0.1.1 75.55 NOTE
r-devel-linux-x86_64-fedora-gcc 0.1.1 70.18 NOTE
r-devel-windows-x86_64 0.1.1 5.00 58.00 63.00 NOTE
r-patched-linux-x86_64 0.1.1 3.57 42.64 46.21 NOTE
r-release-linux-x86_64 0.1.1 3.56 43.63 47.19 NOTE
r-release-macos-arm64 0.1.1 2.00 21.00 23.00 NOTE
r-release-macos-x86_64 0.1.1 4.00 43.00 47.00 NOTE
r-release-windows-x86_64 0.1.1 5.00 57.00 62.00 NOTE
r-oldrel-macos-arm64 0.1.1 2.00 24.00 26.00 NOTE
r-oldrel-macos-x86_64 0.1.1 3.00 33.00 36.00 NOTE
r-oldrel-windows-x86_64 0.1.1 6.00 71.00 77.00 NOTE

Check Details

Version: 0.1.1
Check: package subdirectories
Result: NOTE Problems with news in ‘NEWS.md’: No news entries found. Flavors: r-devel-linux-x86_64-debian-clang, r-devel-linux-x86_64-debian-gcc, r-devel-linux-x86_64-fedora-clang, r-devel-linux-x86_64-fedora-gcc, r-devel-windows-x86_64, r-patched-linux-x86_64, r-release-linux-x86_64, r-release-macos-arm64, r-release-macos-x86_64, r-release-windows-x86_64, r-oldrel-macos-arm64, r-oldrel-macos-x86_64, r-oldrel-windows-x86_64

Version: 0.1.1
Check: LazyData
Result: NOTE 'LazyData' is specified without a 'data' directory Flavors: r-oldrel-macos-arm64, r-oldrel-macos-x86_64, r-oldrel-windows-x86_64