Last updated on 2024-08-07 10:49:41 CEST.
Flavor | Version | Tinstall | Tcheck | Ttotal | Status | Flags |
---|---|---|---|---|---|---|
r-devel-linux-x86_64-debian-clang | 1.8.6 | 28.78 | 158.18 | 186.96 | OK | |
r-devel-linux-x86_64-debian-gcc | 1.8.6 | 21.24 | 103.45 | 124.69 | OK | |
r-devel-linux-x86_64-fedora-clang | 1.8.6 | 321.89 | NOTE | |||
r-devel-linux-x86_64-fedora-gcc | 1.8.6 | 285.06 | OK | |||
r-devel-windows-x86_64 | 1.8.6 | 37.00 | 201.00 | 238.00 | OK | |
r-patched-linux-x86_64 | 1.8.6 | 39.37 | 148.64 | 188.01 | OK | |
r-release-linux-x86_64 | 1.8.6 | 28.15 | 149.37 | 177.52 | OK | |
r-release-macos-arm64 | 1.8.6 | 72.00 | NOTE | |||
r-release-macos-x86_64 | 1.8.6 | 111.00 | NOTE | |||
r-release-windows-x86_64 | 1.8.6 | 37.00 | 197.00 | 234.00 | OK | |
r-oldrel-macos-arm64 | 1.8.6 | 80.00 | NOTE | |||
r-oldrel-macos-x86_64 | 1.8.6 | 177.00 | NOTE | |||
r-oldrel-windows-x86_64 | 1.8.6 | 45.00 | 234.00 | 279.00 | OK |
Version: 1.8.6
Check: Rd cross-references
Result: NOTE
Undeclared package ‘tibble’ in Rd xrefs
Flavor: r-devel-linux-x86_64-fedora-clang
Version: 1.8.6
Check: installed package size
Result: NOTE
installed size is 5.1Mb
sub-directories of 1Mb or more:
R 2.1Mb
java 1.8Mb
Flavors: r-release-macos-arm64, r-release-macos-x86_64, r-oldrel-macos-arm64, r-oldrel-macos-x86_64