Last updated on 2024-08-10 09:48:14 CEST.
Flavor | Version | Tinstall | Tcheck | Ttotal | Status | Flags |
---|---|---|---|---|---|---|
r-devel-linux-x86_64-debian-clang | 0.3.0 | 3.25 | 30.83 | 34.08 | OK | |
r-devel-linux-x86_64-debian-gcc | 0.3.0 | 2.25 | 22.73 | 24.98 | OK | |
r-devel-linux-x86_64-fedora-clang | 0.3.0 | 54.12 | NOTE | |||
r-devel-linux-x86_64-fedora-gcc | 0.3.0 | 53.78 | NOTE | |||
r-devel-windows-x86_64 | 0.3.0 | 4.00 | 52.00 | 56.00 | OK | |
r-patched-linux-x86_64 | 0.3.0 | 3.33 | 29.94 | 33.27 | OK | |
r-release-linux-x86_64 | 0.3.0 | 3.11 | 30.44 | 33.55 | OK | |
r-release-macos-arm64 | 0.3.0 | 22.00 | OK | |||
r-release-macos-x86_64 | 0.3.0 | 31.00 | OK | |||
r-release-windows-x86_64 | 0.3.0 | 4.00 | 51.00 | 55.00 | OK | |
r-oldrel-macos-arm64 | 0.3.0 | 24.00 | OK | |||
r-oldrel-macos-x86_64 | 0.3.0 | 32.00 | OK | |||
r-oldrel-windows-x86_64 | 0.3.0 | 5.00 | 57.00 | 62.00 | OK |
Version: 0.3.0
Check: dependencies in R code
Result: NOTE
Namespace in Imports field not imported from: ‘progress’
All declared Imports should be used.
Flavors: r-devel-linux-x86_64-fedora-clang, r-devel-linux-x86_64-fedora-gcc