Last updated on 2024-08-07 10:49:28 CEST.
Flavor | Version | Tinstall | Tcheck | Ttotal | Status | Flags |
---|---|---|---|---|---|---|
r-devel-linux-x86_64-debian-clang | 2.3 | 46.72 | 395.75 | 442.47 | WARN | |
r-devel-linux-x86_64-debian-gcc | 2.3 | 31.56 | 258.19 | 289.75 | WARN | |
r-devel-linux-x86_64-fedora-clang | 2.3 | 778.60 | WARN | |||
r-devel-linux-x86_64-fedora-gcc | 2.3 | 735.22 | WARN | |||
r-devel-windows-x86_64 | 2.3 | 56.00 | 447.00 | 503.00 | WARN | |
r-patched-linux-x86_64 | 2.3 | 51.63 | 382.28 | 433.91 | OK | |
r-release-linux-x86_64 | 2.3 | 47.70 | 380.71 | 428.41 | OK | |
r-release-macos-arm64 | 2.3 | 199.00 | OK | |||
r-release-macos-x86_64 | 2.3 | 327.00 | OK | |||
r-release-windows-x86_64 | 2.3 | 59.00 | 451.00 | 510.00 | OK | |
r-oldrel-macos-arm64 | 2.3 | 205.00 | OK | |||
r-oldrel-macos-x86_64 | 2.3 | 502.00 | OK | |||
r-oldrel-windows-x86_64 | 2.3 | 70.00 | 536.00 | 606.00 | OK |
Version: 2.3
Check: ‘build’ directory
Result: WARN
Source(s) listed in 'build/vignette.rds' but not in package:
‘flexsurv.Rnw’
‘flexsurv-examples.Rnw’
Flavors: r-devel-linux-x86_64-debian-clang, r-devel-linux-x86_64-debian-gcc, r-devel-linux-x86_64-fedora-clang, r-devel-linux-x86_64-fedora-gcc, r-devel-windows-x86_64
Version: 2.3
Check: Rd cross-references
Result: NOTE
Found the following Rd file(s) with Rd \link{} targets missing package
anchors:
augment.flexsurvreg.Rd: tibble, Surv
flexsurvmix.Rd: Surv, survreg
flexsurvreg.Rd: Surv, survreg
flexsurvrtrunc.Rd: survreg
flexsurvspline.Rd: Surv
glance.flexsurvreg.Rd: tibble
msfit.flexsurvreg.Rd: coxph
plot.flexsurvreg.Rd: plot.survfit
plot_survtrunc.Rd: plot.survfit, lines.survfit
pmatrix.fs.Rd: ode, deSolve
predict.flexsurvreg.Rd: tibble
tidy.flexsurvreg.Rd: tibble
totlos.fs.Rd: ode, deSolve
Please provide package anchors for all Rd \link{} targets not in the
package itself and the base packages.
Flavors: r-devel-linux-x86_64-debian-clang, r-devel-linux-x86_64-debian-gcc, r-devel-windows-x86_64