Last updated on 2024-08-07 10:49:27 CEST.
Flavor | Version | Tinstall | Tcheck | Ttotal | Status | Flags |
---|---|---|---|---|---|---|
r-devel-linux-x86_64-debian-clang | 0.0.14 | 629.30 | 42.55 | 671.85 | OK | |
r-devel-linux-x86_64-debian-gcc | 0.0.14 | 377.04 | 30.40 | 407.44 | OK | |
r-devel-linux-x86_64-fedora-clang | 0.0.14 | 1535.69 | OK | |||
r-devel-linux-x86_64-fedora-gcc | 0.0.14 | 1405.09 | OK | |||
r-devel-windows-x86_64 | 0.0.14 | 668.00 | 95.00 | 763.00 | OK | |
r-patched-linux-x86_64 | 0.0.14 | 552.53 | 40.88 | 593.41 | OK | |
r-release-linux-x86_64 | 0.0.14 | 542.24 | 40.69 | 582.93 | OK | |
r-release-macos-arm64 | 0.0.14 | 274.00 | NOTE | |||
r-release-macos-x86_64 | 0.0.14 | 221.00 | NOTE | |||
r-release-windows-x86_64 | 0.0.14 | 679.00 | 95.00 | 774.00 | OK | |
r-oldrel-macos-arm64 | 0.0.14 | 274.00 | NOTE | |||
r-oldrel-macos-x86_64 | 0.0.14 | 205.00 | NOTE | |||
r-oldrel-windows-x86_64 | 0.0.14 | 786.00 | 113.00 | 899.00 | OK |
Version: 0.0.14
Check: installed package size
Result: NOTE
installed size is 18.1Mb
sub-directories of 1Mb or more:
data 2.0Mb
libs 15.9Mb
Flavors: r-release-macos-arm64, r-release-macos-x86_64, r-oldrel-macos-arm64, r-oldrel-macos-x86_64