Last updated on 2024-08-06 10:48:30 CEST.
Flavor | Version | Tinstall | Tcheck | Ttotal | Status | Flags |
---|---|---|---|---|---|---|
r-devel-linux-x86_64-debian-clang | 0.8.5 | 5.05 | 158.76 | 163.81 | NOTE | |
r-devel-linux-x86_64-debian-gcc | 0.8.5 | 4.34 | 112.66 | 117.00 | NOTE | |
r-devel-linux-x86_64-fedora-clang | 0.8.5 | 265.64 | OK | |||
r-devel-linux-x86_64-fedora-gcc | 0.8.5 | 266.65 | OK | |||
r-devel-windows-x86_64 | 0.8.5 | 6.00 | 165.00 | 171.00 | NOTE | |
r-patched-linux-x86_64 | 0.8.5 | 7.97 | 152.97 | 160.94 | OK | |
r-release-linux-x86_64 | 0.8.5 | 4.74 | 154.78 | 159.52 | OK | |
r-release-macos-arm64 | 0.8.5 | 81.00 | OK | |||
r-release-macos-x86_64 | 0.8.5 | 253.00 | OK | |||
r-release-windows-x86_64 | 0.8.5 | 6.00 | 165.00 | 171.00 | OK | |
r-oldrel-macos-arm64 | 0.8.5 | 10.00 | ERROR | |||
r-oldrel-macos-x86_64 | 0.8.5 | 11.00 | ERROR | |||
r-oldrel-windows-x86_64 | 0.8.5 | 8.00 | 201.00 | 209.00 | OK |
Version: 0.8.5
Check: Rd cross-references
Result: NOTE
Found the following Rd file(s) with Rd \link{} targets missing package
anchors:
cor_test.Rd: parameters, winsorize
correlation.Rd: parameters, winsorize
Please provide package anchors for all Rd \link{} targets not in the
package itself and the base packages.
Flavors: r-devel-linux-x86_64-debian-clang, r-devel-linux-x86_64-debian-gcc, r-devel-windows-x86_64
Version: 0.8.5
Check: package dependencies
Result: ERROR
Package required and available but unsuitable version: ‘datawizard’
See section ‘The DESCRIPTION file’ in the ‘Writing R Extensions’
manual.
Flavors: r-oldrel-macos-arm64, r-oldrel-macos-x86_64