Last updated on 2024-08-16 09:49:01 CEST.
Flavor | Version | Tinstall | Tcheck | Ttotal | Status | Flags |
---|---|---|---|---|---|---|
r-devel-linux-x86_64-debian-clang | 0.2.4 | 367.26 | 209.80 | 577.06 | OK | |
r-devel-linux-x86_64-debian-gcc | 0.2.4 | 242.62 | 148.93 | 391.55 | OK | |
r-devel-linux-x86_64-fedora-clang | 0.2.4 | 905.39 | OK | |||
r-devel-linux-x86_64-fedora-gcc | 0.2.4 | 1049.00 | OK | |||
r-devel-windows-x86_64 | 0.2.4 | 324.00 | 232.00 | 556.00 | OK | |
r-patched-linux-x86_64 | 0.2.4 | 335.05 | 194.61 | 529.66 | OK | |
r-release-linux-x86_64 | 0.2.4 | 337.36 | 195.25 | 532.61 | OK | |
r-release-macos-arm64 | 0.2.4 | 229.00 | NOTE | |||
r-release-macos-x86_64 | 0.2.4 | 267.00 | NOTE | |||
r-release-windows-x86_64 | 0.2.4 | 328.00 | 234.00 | 562.00 | OK | |
r-oldrel-macos-arm64 | 0.2.4 | 235.00 | NOTE | |||
r-oldrel-macos-x86_64 | 0.2.4 | 358.00 | NOTE | |||
r-oldrel-windows-x86_64 | 0.2.4 | 386.00 | 288.00 | 674.00 | OK |
Version: 0.2.4
Check: installed package size
Result: NOTE
installed size is 22.4Mb
sub-directories of 1Mb or more:
libs 20.9Mb
Flavors: r-release-macos-arm64, r-release-macos-x86_64, r-oldrel-macos-arm64, r-oldrel-macos-x86_64