Last updated on 2024-08-06 10:48:29 CEST.
Flavor | Version | Tinstall | Tcheck | Ttotal | Status | Flags |
---|---|---|---|---|---|---|
r-devel-linux-x86_64-debian-clang | 2.0.3 | 62.55 | 61.30 | 123.85 | OK | |
r-devel-linux-x86_64-debian-gcc | 2.0.3 | 40.17 | 43.05 | 83.22 | OK | |
r-devel-linux-x86_64-fedora-clang | 2.0.3 | 218.31 | OK | |||
r-devel-linux-x86_64-fedora-gcc | 2.0.3 | 234.95 | OK | |||
r-devel-windows-x86_64 | 2.0.3 | 68.00 | 106.00 | 174.00 | OK | |
r-patched-linux-x86_64 | 2.0.3 | 55.23 | 58.07 | 113.30 | OK | |
r-release-linux-x86_64 | 2.0.3 | 55.79 | 58.54 | 114.33 | OK | |
r-release-macos-arm64 | 2.0.3 | 58.00 | OK | |||
r-release-macos-x86_64 | 2.0.3 | 93.00 | NOTE | |||
r-release-windows-x86_64 | 2.0.3 | 66.00 | 106.00 | 172.00 | OK | |
r-oldrel-macos-arm64 | 2.0.3 | 66.00 | OK | |||
r-oldrel-macos-x86_64 | 2.0.3 | 93.00 | NOTE | |||
r-oldrel-windows-x86_64 | 2.0.3 | 80.00 | 122.00 | 202.00 | OK |
Version: 2.0.3
Check: installed package size
Result: NOTE
installed size is 5.1Mb
sub-directories of 1Mb or more:
libs 4.6Mb
Flavors: r-release-macos-x86_64, r-oldrel-macos-x86_64