Last updated on 2024-06-07 09:54:12 CEST.
Flavor | Version | Tinstall | Tcheck | Ttotal | Status | Flags |
---|---|---|---|---|---|---|
r-devel-linux-x86_64-debian-clang | 0.22.2 | 836.66 | 54.47 | 891.13 | OK | |
r-devel-linux-x86_64-debian-gcc | 0.22.2 | 613.86 | 48.08 | 661.94 | OK | |
r-devel-linux-x86_64-fedora-clang | 0.22.2 | 1315.96 | OK | |||
r-devel-linux-x86_64-fedora-gcc | 0.22.2 | 1496.67 | OK | |||
r-devel-windows-x86_64 | 0.22.2 | 623.00 | 115.00 | 738.00 | OK | |
r-patched-linux-x86_64 | 0.22.2 | 739.43 | 62.25 | 801.68 | OK | |
r-release-linux-x86_64 | 0.22.2 | 732.15 | 61.50 | 793.65 | OK | |
r-release-macos-arm64 | 0.22.2 | 216.00 | NOTE | |||
r-release-macos-x86_64 | 0.22.2 | 161.00 | NOTE | |||
r-release-windows-x86_64 | 0.22.2 | 620.00 | 120.00 | 740.00 | OK | |
r-oldrel-macos-arm64 | 0.22.2 | 244.00 | NOTE | |||
r-oldrel-macos-x86_64 | 0.22.2 | 233.00 | NOTE | |||
r-oldrel-windows-x86_64 | 0.22.2 | 770.00 | 135.00 | 905.00 | OK |
Version: 0.22.2
Check: installed package size
Result: NOTE
installed size is 45.8Mb
sub-directories of 1Mb or more:
libs 44.6Mb
Flavors: r-release-macos-arm64, r-release-macos-x86_64, r-oldrel-macos-arm64, r-oldrel-macos-x86_64