Last updated on 2025-11-28 10:50:08 CET.
| Flavor | Version | Tinstall | Tcheck | Ttotal | Status | Flags |
|---|---|---|---|---|---|---|
| r-devel-linux-x86_64-debian-clang | 0.0.1.2 | 26.89 | 24.14 | 51.03 | NOTE | |
| r-devel-linux-x86_64-debian-gcc | 0.0.1.2 | 21.00 | 20.44 | 41.44 | NOTE | |
| r-devel-linux-x86_64-fedora-clang | 0.0.1.2 | 49.00 | NOTE | |||
| r-devel-linux-x86_64-fedora-gcc | 0.0.1.2 | 33.00 | 57.79 | 90.79 | NOTE | |
| r-devel-windows-x86_64 | 0.0.1.2 | 50.00 | 80.00 | 130.00 | NOTE | |
| r-patched-linux-x86_64 | 0.0.1.2 | 28.39 | 23.95 | 52.34 | NOTE | |
| r-release-linux-x86_64 | 0.0.1.2 | 29.64 | 23.59 | 53.23 | NOTE | |
| r-release-macos-arm64 | 0.0.1.2 | 4.00 | 4.00 | 8.00 | ERROR | |
| r-release-macos-x86_64 | 0.0.1.2 | 42.00 | 18.00 | 60.00 | ERROR | |
| r-release-windows-x86_64 | 0.0.1.2 | 41.00 | 87.00 | 128.00 | NOTE | |
| r-oldrel-macos-arm64 | 0.0.1.2 | 4.00 | 9.00 | 13.00 | ERROR | |
| r-oldrel-macos-x86_64 | 0.0.1.2 | 40.00 | 21.00 | 61.00 | ERROR | |
| r-oldrel-windows-x86_64 | 0.0.1.2 | 37.00 | 96.00 | 133.00 | NOTE |
Version: 0.0.1.2
Check: C++ specification
Result: NOTE
Specified C++11: please drop specification unless essential
Flavors: r-devel-linux-x86_64-debian-clang, r-devel-linux-x86_64-fedora-clang, r-devel-windows-x86_64, r-patched-linux-x86_64, r-release-linux-x86_64, r-release-windows-x86_64, r-oldrel-windows-x86_64
Version: 0.0.1.2
Check: C++ specification
Result: NOTE
Specified C++11: support will be removed soon
Flavors: r-devel-linux-x86_64-debian-gcc, r-devel-linux-x86_64-fedora-gcc
Version: 0.0.1.2
Check: whether package can be installed
Result: ERROR
Installation failed.
Flavors: r-release-macos-arm64, r-release-macos-x86_64, r-oldrel-macos-arm64, r-oldrel-macos-x86_64
Version: 0.0.1.2
Check: LazyData
Result: NOTE
'LazyData' is specified without a 'data' directory
Flavor: r-oldrel-windows-x86_64
Version: 0.0.1.2
Check: for GNU extensions in Makefiles
Result: NOTE
GNU make is a SystemRequirements.
Flavor: r-oldrel-windows-x86_64