Last updated on 2025-11-19 09:48:48 CET.
| Flavor | Version | Tinstall | Tcheck | Ttotal | Status | Flags |
|---|---|---|---|---|---|---|
| r-devel-linux-x86_64-debian-clang | 2.4.11 | 17.99 | 151.37 | 169.36 | NOTE | |
| r-devel-linux-x86_64-debian-gcc | 2.4.11 | 10.39 | 103.02 | 113.41 | NOTE | |
| r-devel-linux-x86_64-fedora-clang | 2.4.11 | 37.00 | 227.30 | 264.30 | NOTE | |
| r-devel-linux-x86_64-fedora-gcc | 2.4.11 | 47.00 | 217.53 | 264.53 | NOTE | |
| r-devel-windows-x86_64 | 2.4.11 | 24.00 | 143.00 | 167.00 | NOTE | |
| r-patched-linux-x86_64 | 2.4.11 | 16.79 | 140.99 | 157.78 | NOTE | |
| r-release-linux-x86_64 | 2.4.11 | 17.79 | 140.39 | 158.18 | NOTE | |
| r-release-macos-arm64 | 2.4.11 | 9.00 | 72.00 | 81.00 | NOTE | |
| r-release-macos-x86_64 | 2.4.11 | 16.00 | 145.00 | 161.00 | NOTE | |
| r-release-windows-x86_64 | 2.4.11 | 20.00 | 144.00 | 164.00 | NOTE | |
| r-oldrel-macos-arm64 | 2.4.11 | 8.00 | 70.00 | 78.00 | NOTE | |
| r-oldrel-macos-x86_64 | 2.4.11 | 12.00 | 108.00 | 120.00 | NOTE | |
| r-oldrel-windows-x86_64 | 2.4.11 | 28.00 | 197.00 | 225.00 | NOTE |
Version: 2.4.11
Check: Rd files
Result: NOTE
checkRd: (-1) nexml_get.Rd:30: Lost braces in \itemize; meant \describe ?
checkRd: (-1) nexml_get.Rd:31: Lost braces in \itemize; meant \describe ?
checkRd: (-1) nexml_get.Rd:32: Lost braces in \itemize; meant \describe ?
checkRd: (-1) nexml_get.Rd:33: Lost braces in \itemize; meant \describe ?
checkRd: (-1) nexml_get.Rd:34: Lost braces in \itemize; meant \describe ?
checkRd: (-1) nexml_get.Rd:35: Lost braces in \itemize; meant \describe ?
Flavors: r-devel-linux-x86_64-debian-clang, r-devel-linux-x86_64-debian-gcc, r-devel-linux-x86_64-fedora-clang, r-devel-linux-x86_64-fedora-gcc, r-devel-windows-x86_64, r-patched-linux-x86_64, r-release-linux-x86_64, r-release-macos-arm64, r-release-macos-x86_64, r-release-windows-x86_64, r-oldrel-macos-arm64, r-oldrel-macos-x86_64, r-oldrel-windows-x86_64