Last updated on 2024-08-13 09:48:11 CEST.
Flavor | Version | Tinstall | Tcheck | Ttotal | Status | Flags |
---|---|---|---|---|---|---|
r-devel-linux-x86_64-debian-clang | 0.1.0 | 28.31 | 255.35 | 283.66 | OK | |
r-devel-linux-x86_64-debian-gcc | 0.1.0 | 19.00 | 151.04 | 170.04 | OK | |
r-devel-linux-x86_64-fedora-clang | 0.1.0 | 417.55 | NOTE | |||
r-devel-linux-x86_64-fedora-gcc | 0.1.0 | 406.02 | OK | |||
r-devel-windows-x86_64 | 0.1.0 | 35.00 | 192.00 | 227.00 | NOTE | |
r-patched-linux-x86_64 | 0.1.0 | 28.01 | 229.21 | 257.22 | OK | |
r-release-linux-x86_64 | 0.1.0 | 27.76 | 227.51 | 255.27 | OK | |
r-release-macos-arm64 | 0.1.0 | 96.00 | NOTE | |||
r-release-macos-x86_64 | 0.1.0 | 154.00 | NOTE | |||
r-release-windows-x86_64 | 0.1.0 | 36.00 | 190.00 | 226.00 | NOTE | |
r-oldrel-macos-arm64 | 0.1.0 | 101.00 | NOTE | |||
r-oldrel-macos-x86_64 | 0.1.0 | 272.00 | NOTE | |||
r-oldrel-windows-x86_64 | 0.1.0 | 43.00 | 269.00 | 312.00 | NOTE |
Version: 0.1.0
Check: installed package size
Result: NOTE
installed size is 48.7Mb
sub-directories of 1Mb or more:
extdata 48.5Mb
Flavors: r-devel-linux-x86_64-fedora-clang, r-devel-windows-x86_64, r-release-macos-arm64, r-release-macos-x86_64, r-release-windows-x86_64, r-oldrel-macos-arm64, r-oldrel-macos-x86_64, r-oldrel-windows-x86_64