Last updated on 2025-02-22 11:51:20 CET.
Flavor | Version | Tinstall | Tcheck | Ttotal | Status | Flags |
---|---|---|---|---|---|---|
r-devel-linux-x86_64-debian-clang | 1.0.0 | 3.15 | 28.22 | 31.37 | NOTE | |
r-devel-linux-x86_64-debian-gcc | 1.0.0 | 2.60 | 21.89 | 24.49 | NOTE | |
r-devel-linux-x86_64-fedora-clang | 1.0.0 | 51.40 | NOTE | |||
r-devel-linux-x86_64-fedora-gcc | 1.0.0 | 65.68 | NOTE | |||
r-devel-macos-arm64 | 1.0.0 | 27.00 | NOTE | |||
r-devel-macos-x86_64 | 1.0.0 | 48.00 | NOTE | |||
r-devel-windows-x86_64 | 1.0.0 | 5.00 | 61.00 | 66.00 | NOTE | |
r-patched-linux-x86_64 | 1.0.0 | 3.91 | 27.27 | 31.18 | NOTE | |
r-release-linux-x86_64 | 1.0.0 | 3.23 | 26.98 | 30.21 | NOTE | |
r-release-macos-arm64 | 1.0.0 | 25.00 | NOTE | |||
r-release-macos-x86_64 | 1.0.0 | 38.00 | NOTE | |||
r-release-windows-x86_64 | 1.0.0 | 6.00 | 70.00 | 76.00 | NOTE | |
r-oldrel-macos-arm64 | 1.0.0 | 24.00 | OK | |||
r-oldrel-macos-x86_64 | 1.0.0 | 38.00 | OK | |||
r-oldrel-windows-x86_64 | 1.0.0 | 6.00 | 59.00 | 65.00 | OK |
Version: 1.0.0
Check: Rd files
Result: NOTE
checkRd: (-1) cosmos_mongo.Rd:21: Lost braces; missing escapes or markup?
21 | \item{host}{For \code{cosmos_mongo_endpoint}, the URL of the Cosmos DB MongoDB endpoint. Usually of the form "https://{account-name}.mongo.cosmos.azure.com:443/".}
| ^
Flavors: r-devel-linux-x86_64-debian-clang, r-devel-linux-x86_64-debian-gcc, r-devel-linux-x86_64-fedora-clang, r-devel-linux-x86_64-fedora-gcc, r-devel-macos-arm64, r-devel-macos-x86_64, r-devel-windows-x86_64, r-patched-linux-x86_64, r-release-linux-x86_64, r-release-macos-arm64, r-release-macos-x86_64, r-release-windows-x86_64