CRAN Package Check Results for Package zeroEQpart

Last updated on 2020-08-14 10:03:54 CEST.

Flavor Version Tinstall Tcheck Ttotal Status Flags
r-devel-linux-x86_64-debian-clang 0.1.0 2.24 25.54 27.78 OK
r-devel-linux-x86_64-debian-gcc 0.1.0 1.70 19.35 21.05 OK
r-devel-linux-x86_64-fedora-clang 0.1.0 41.44 NOTE
r-devel-linux-x86_64-fedora-gcc 0.1.0 32.89 NOTE
r-devel-windows-ix86+x86_64 0.1.0 7.00 46.00 53.00 OK
r-patched-linux-x86_64 0.1.0 2.19 25.64 27.83 OK
r-patched-solaris-x86 0.1.0 48.80 NOTE
r-release-linux-x86_64 0.1.0 2.19 25.35 27.54 OK
r-release-macos-x86_64 0.1.0 NOTE
r-release-windows-ix86+x86_64 0.1.0 9.00 36.00 45.00 OK
r-oldrel-macos-x86_64 0.1.0 NOTE
r-oldrel-windows-ix86+x86_64 0.1.0 4.00 46.00 50.00 OK

Check Details

Version: 0.1.0
Check: dependencies in R code
Result: NOTE
    Namespace in Imports field not imported from: ‘MASS’
     All declared Imports should be used.
Flavors: r-devel-linux-x86_64-fedora-clang, r-devel-linux-x86_64-fedora-gcc, r-patched-solaris-x86, r-release-macos-x86_64, r-oldrel-macos-x86_64