CRAN Package Check Results for Package yuimaGUI

Last updated on 2020-08-06 09:49:18 CEST.

Flavor Version Tinstall Tcheck Ttotal Status Flags
r-devel-linux-x86_64-debian-clang 1.3.0 12.15 94.52 106.67 OK
r-devel-linux-x86_64-debian-gcc 1.3.0 10.13 71.45 81.58 OK
r-devel-linux-x86_64-fedora-clang 1.3.0 109.16 NOTE
r-devel-linux-x86_64-fedora-gcc 1.3.0 96.69 NOTE
r-devel-windows-ix86+x86_64 1.3.0 41.00 105.00 146.00 OK
r-patched-linux-x86_64 1.3.0 11.49 90.37 101.86 OK
r-patched-solaris-x86 1.3.0 186.10 NOTE
r-release-linux-x86_64 1.3.0 11.76 90.21 101.97 OK
r-release-macos-x86_64 1.3.0 NOTE
r-release-windows-ix86+x86_64 1.3.0 45.00 175.00 220.00 OK
r-oldrel-macos-x86_64 1.3.0 NOTE
r-oldrel-windows-ix86+x86_64 1.3.0 19.00 150.00 169.00 OK

Check Details

Version: 1.3.0
Check: dependencies in R code
Result: NOTE
    Namespace in Imports field not imported from: ‘ghyp’
     All declared Imports should be used.
Flavors: r-devel-linux-x86_64-fedora-clang, r-devel-linux-x86_64-fedora-gcc, r-patched-solaris-x86, r-release-macos-x86_64, r-oldrel-macos-x86_64