Last updated on 2023-02-03 09:55:50 CET.
Flavor | Version | Tinstall | Tcheck | Ttotal | Status | Flags |
---|---|---|---|---|---|---|
r-devel-linux-x86_64-debian-clang | 0.1.2 | 3.50 | 33.91 | 37.41 | OK | |
r-devel-linux-x86_64-debian-gcc | 0.1.2 | 2.73 | 27.33 | 30.06 | OK | |
r-devel-linux-x86_64-fedora-clang | 0.1.2 | 49.38 | OK | |||
r-devel-linux-x86_64-fedora-gcc | 0.1.2 | 62.58 | OK | |||
r-patched-linux-x86_64 | 0.1.2 | 3.17 | 33.78 | 36.95 | OK | |
r-release-linux-x86_64 | 0.1.2 | 3.96 | 33.64 | 37.60 | OK | |
r-release-macos-arm64 | 0.1.2 | 20.00 | OK | |||
r-release-macos-x86_64 | 0.1.2 | 28.00 | OK | |||
r-release-windows-x86_64 | 0.1.2 | 10.00 | 73.00 | 83.00 | OK | |
r-oldrel-macos-arm64 | 0.1.1 | 20.00 | NOTE | |||
r-oldrel-macos-x86_64 | 0.1.1 | 29.00 | NOTE | |||
r-oldrel-windows-ix86+x86_64 | 0.1.1 | 6.00 | 54.00 | 60.00 | NOTE |
Version: 0.1.1
Check: LazyData
Result: NOTE
'LazyData' is specified without a 'data' directory
Flavors: r-oldrel-macos-arm64, r-oldrel-macos-x86_64, r-oldrel-windows-ix86+x86_64