Last updated on 2023-02-04 10:54:52 CET.
Flavor | Version | Tinstall | Tcheck | Ttotal | Status | Flags |
---|---|---|---|---|---|---|
r-devel-linux-x86_64-debian-clang | 0.1.11 | 6.74 | 65.15 | 71.89 | NOTE | |
r-devel-linux-x86_64-debian-gcc | 0.1.11 | 5.40 | 48.88 | 54.28 | OK | |
r-devel-linux-x86_64-fedora-clang | 0.1.11 | 91.39 | NOTE | |||
r-devel-linux-x86_64-fedora-gcc | 0.1.11 | 96.71 | OK | |||
r-devel-windows-x86_64 | 0.1.11 | 72.00 | 113.00 | 185.00 | OK | |
r-patched-linux-x86_64 | 0.1.11 | 7.98 | 58.27 | 66.25 | OK | |
r-release-linux-x86_64 | 0.1.11 | 5.39 | 56.05 | 61.44 | OK | |
r-release-macos-arm64 | 0.1.11 | 27.00 | NOTE | |||
r-release-macos-x86_64 | 0.1.11 | 43.00 | OK | |||
r-release-windows-x86_64 | 0.1.11 | 69.00 | 108.00 | 177.00 | OK | |
r-oldrel-macos-arm64 | 0.1.11 | 32.00 | NOTE | |||
r-oldrel-macos-x86_64 | 0.1.11 | 62.00 | NOTE | |||
r-oldrel-windows-ix86+x86_64 | 0.1.11 | 17.00 | 97.00 | 114.00 | OK |
Version: 0.1.11
Check: package dependencies
Result: NOTE
Packages suggested but not available for checking: 'ChemmineR', 'fmcsR'
Flavors: r-devel-linux-x86_64-debian-clang, r-release-macos-arm64, r-oldrel-macos-arm64, r-oldrel-macos-x86_64
Version: 0.1.11
Check: package dependencies
Result: NOTE
Package suggested but not available for checking: ‘ChemmineR’
Flavor: r-devel-linux-x86_64-fedora-clang