Last updated on 2024-04-23 10:54:22 CEST.
Flavor | Version | Tinstall | Tcheck | Ttotal | Status | Flags |
---|---|---|---|---|---|---|
r-devel-linux-x86_64-debian-clang | 0.6.1 | 4.40 | 33.38 | 37.78 | OK | |
r-devel-linux-x86_64-debian-gcc | 0.6.1 | 3.34 | 25.01 | 28.35 | OK | |
r-devel-linux-x86_64-fedora-clang | 0.6.1 | 45.49 | NOTE | |||
r-devel-linux-x86_64-fedora-gcc | 0.6.1 | 43.05 | OK | |||
r-prerel-macos-arm64 | 0.6.1 | 18.00 | NOTE | |||
r-prerel-windows-x86_64 | 0.6.1 | 6.00 | 43.00 | 49.00 | NOTE | |
r-patched-linux-x86_64 | 0.6.1 | 4.47 | 31.39 | 35.86 | OK | |
r-release-linux-x86_64 | 0.6.1 | 4.32 | 31.74 | 36.06 | OK | |
r-release-macos-arm64 | 0.6.1 | 19.00 | NOTE | |||
r-release-macos-x86_64 | 0.6.1 | 29.00 | NOTE | |||
r-release-windows-x86_64 | 0.6.1 | 5.00 | 45.00 | 50.00 | NOTE | |
r-oldrel-macos-arm64 | 0.6.1 | 22.00 | NOTE | |||
r-oldrel-windows-x86_64 | 0.6.1 | 6.00 | 51.00 | 57.00 | NOTE |
Version: 0.6.1
Check: installed package size
Result: NOTE
installed size is 10.8Mb
sub-directories of 1Mb or more:
java 10.7Mb
Flavors: r-devel-linux-x86_64-fedora-clang, r-prerel-macos-arm64, r-prerel-windows-x86_64, r-release-macos-arm64, r-release-macos-x86_64, r-release-windows-x86_64, r-oldrel-macos-arm64, r-oldrel-windows-x86_64