CRAN Package Check Results for Package xfun

Last updated on 2022-12-01 09:59:46 CET.

Flavor Version Tinstall Tcheck Ttotal Status Flags
r-devel-linux-x86_64-debian-clang 0.35 5.45 62.70 68.15 OK
r-devel-linux-x86_64-debian-gcc 0.35 4.89 47.96 52.85 OK
r-devel-linux-x86_64-fedora-clang 0.35 95.72 OK
r-devel-linux-x86_64-fedora-gcc 0.35 98.29 OK
r-devel-windows-x86_64 0.35 14.00 8.00 22.00 ERROR
r-patched-linux-x86_64 0.35 6.85 55.23 62.08 OK
r-release-linux-x86_64 0.35 6.16 55.60 61.76 OK
r-release-macos-arm64 0.35 57.00 OK
r-release-macos-x86_64 0.35 87.00 OK
r-release-windows-x86_64 0.35 55.00 106.00 161.00 OK
r-oldrel-macos-arm64 0.35 59.00 OK
r-oldrel-macos-x86_64 0.35 90.00 OK
r-oldrel-windows-ix86+x86_64 0.35 19.00 126.00 145.00 OK

Check Details

Version: 0.35
Check: whether package can be installed
Result: ERROR
    Installation failed.
Flavor: r-devel-windows-x86_64