Last updated on 2023-01-28 10:51:45 CET.
Flavor | Version | Tinstall | Tcheck | Ttotal | Status | Flags |
---|---|---|---|---|---|---|
r-devel-linux-x86_64-debian-clang | 0.1.1 | 14.65 | 132.53 | 147.18 | OK | |
r-devel-linux-x86_64-debian-gcc | 0.1.1 | 12.10 | 99.99 | 112.09 | OK | |
r-devel-linux-x86_64-fedora-clang | 0.1.1 | 183.59 | NOTE | |||
r-devel-linux-x86_64-fedora-gcc | 0.1.1 | 180.98 | NOTE | |||
r-patched-linux-x86_64 | 0.1.1 | 22.56 | 144.56 | 167.12 | OK | |
r-release-linux-x86_64 | 0.1.1 | 20.49 | 144.52 | 165.01 | OK | |
r-release-macos-arm64 | 0.1.1 | 91.00 | NOTE | |||
r-release-macos-x86_64 | 0.1.1 | 141.00 | NOTE | |||
r-release-windows-x86_64 | 0.1.1 | 40.00 | 146.00 | 186.00 | OK | |
r-oldrel-macos-arm64 | 0.1.1 | 67.00 | NOTE | |||
r-oldrel-macos-x86_64 | 0.1.1 | 109.00 | NOTE | |||
r-oldrel-windows-ix86+x86_64 | 0.1.1 | 31.00 | 143.00 | 174.00 | OK |
Version: 0.1.1
Check: dependencies in R code
Result: NOTE
Namespace in Imports field not imported from: ‘tcltk2’
All declared Imports should be used.
Flavors: r-devel-linux-x86_64-fedora-clang, r-devel-linux-x86_64-fedora-gcc, r-release-macos-arm64, r-release-macos-x86_64, r-oldrel-macos-arm64, r-oldrel-macos-x86_64