Last updated on 2023-09-30 10:57:23 CEST.
Flavor | Version | Tinstall | Tcheck | Ttotal | Status | Flags |
---|---|---|---|---|---|---|
r-devel-linux-x86_64-debian-clang | 0.2.0 | 2.23 | 46.49 | 48.72 | OK | |
r-devel-linux-x86_64-debian-gcc | 0.2.0 | 1.83 | 33.48 | 35.31 | OK | |
r-devel-linux-x86_64-fedora-clang | 0.2.0 | 57.35 | NOTE | |||
r-devel-linux-x86_64-fedora-gcc | 0.2.0 | 55.27 | NOTE | |||
r-devel-windows-x86_64 | 0.2.0 | 3.00 | 55.00 | 58.00 | OK | |
r-patched-linux-x86_64 | 0.2.0 | 2.09 | 42.60 | 44.69 | OK | |
r-release-linux-x86_64 | 0.2.0 | 2.05 | 42.62 | 44.67 | OK | |
r-release-macos-arm64 | 0.2.0 | 24.00 | OK | |||
r-release-macos-x86_64 | 0.2.0 | 34.00 | OK | |||
r-release-windows-x86_64 | 0.2.0 | 4.00 | 63.00 | 67.00 | OK | |
r-oldrel-macos-arm64 | 0.2.0 | 22.00 | NOTE | |||
r-oldrel-macos-x86_64 | 0.2.0 | 32.00 | NOTE | |||
r-oldrel-windows-x86_64 | 0.2.0 | 7.00 | 62.00 | 69.00 | OK |
Version: 0.2.0
Check: data for non-ASCII characters
Result: NOTE
Note: found 3 marked UTF-8 strings
Flavors: r-devel-linux-x86_64-fedora-clang, r-devel-linux-x86_64-fedora-gcc, r-oldrel-macos-arm64, r-oldrel-macos-x86_64