CRAN Package Check Results for Package wordgraph

Last updated on 2023-02-05 09:57:34 CET.

Flavor Version Tinstall Tcheck Ttotal Status Flags
r-devel-linux-x86_64-debian-clang 0.1.0 2.53 30.37 32.90 OK
r-devel-linux-x86_64-debian-gcc 0.1.0 2.36 22.81 25.17 OK
r-devel-linux-x86_64-fedora-clang 0.1.0 41.48 NOTE
r-devel-linux-x86_64-fedora-gcc 0.1.0 42.81 NOTE
r-devel-windows-x86_64 0.1.0 20.00 62.00 82.00 OK
r-patched-linux-x86_64 0.1.0 2.58 30.04 32.62 OK
r-release-linux-x86_64 0.1.0 2.45 29.29 31.74 OK
r-release-macos-arm64 0.1.0 19.00 NOTE
r-release-macos-x86_64 0.1.0 28.00 NOTE
r-release-windows-x86_64 0.1.0 10.00 65.00 75.00 OK
r-oldrel-macos-arm64 0.1.0 27.00 NOTE
r-oldrel-macos-x86_64 0.1.0 31.00 NOTE
r-oldrel-windows-ix86+x86_64 0.1.0 8.00 57.00 65.00 OK

Additional issues

donttest

Check Details

Version: 0.1.0
Check: data for non-ASCII characters
Result: NOTE
     Note: found 6738 marked UTF-8 strings
Flavors: r-devel-linux-x86_64-fedora-clang, r-devel-linux-x86_64-fedora-gcc, r-release-macos-arm64, r-release-macos-x86_64, r-oldrel-macos-arm64, r-oldrel-macos-x86_64