Last updated on 2023-06-03 10:53:13 CEST.
Flavor | Version | Tinstall | Tcheck | Ttotal | Status | Flags |
---|---|---|---|---|---|---|
r-devel-linux-x86_64-debian-clang | 0.3.4 | 124.76 | 36.81 | 161.57 | NOTE | |
r-devel-linux-x86_64-debian-gcc | 0.3.4 | 98.19 | 28.14 | 126.33 | NOTE | |
r-devel-linux-x86_64-fedora-clang | 0.3.4 | 266.03 | NOTE | |||
r-devel-linux-x86_64-fedora-gcc | 0.3.4 | 240.83 | NOTE | |||
r-devel-windows-x86_64 | 0.3.4 | 88.00 | 71.00 | 159.00 | NOTE | |
r-patched-linux-x86_64 | 0.3.4 | NOTE | ||||
r-release-linux-x86_64 | 0.3.4 | 100.23 | 35.01 | 135.24 | NOTE | |
r-release-macos-arm64 | 0.3.4 | 61.00 | NOTE | |||
r-release-macos-x86_64 | 0.3.4 | 105.00 | NOTE | |||
r-release-windows-x86_64 | 0.3.4 | 96.00 | 79.00 | 175.00 | NOTE | |
r-oldrel-macos-arm64 | 0.3.4 | 59.00 | OK | |||
r-oldrel-macos-x86_64 | 0.3.4 | 75.00 | OK | |||
r-oldrel-windows-x86_64 | 0.3.4 | 129.00 | 81.00 | 210.00 | OK |
Version: 0.3.4
Check: C++ specification
Result: NOTE
Specified C++11: please drop specification unless essential
Flavors: r-devel-linux-x86_64-debian-clang, r-devel-linux-x86_64-debian-gcc, r-devel-linux-x86_64-fedora-clang, r-devel-linux-x86_64-fedora-gcc, r-devel-windows-x86_64, r-patched-linux-x86_64, r-release-linux-x86_64, r-release-macos-arm64, r-release-macos-x86_64, r-release-windows-x86_64
Version: 0.3.4
Check: installed package size
Result: NOTE
installed size is 5.0Mb
sub-directories of 1Mb or more:
libs 4.7Mb
Flavor: r-release-macos-arm64