CRAN Package Check Results for Package wooldridge

Last updated on 2020-09-20 10:56:12 CEST.

Flavor Version Tinstall Tcheck Ttotal Status Flags
r-devel-linux-x86_64-debian-clang 1.3.1 6.18 57.30 63.48 OK
r-devel-linux-x86_64-debian-gcc 1.3.1 5.00 44.50 49.50 OK
r-devel-linux-x86_64-fedora-clang 1.3.1 96.30 NOTE
r-devel-linux-x86_64-fedora-gcc 1.3.1 82.86 OK
r-devel-windows-ix86+x86_64 1.3.1 12.00 70.00 82.00 NOTE
r-patched-linux-x86_64 1.3.1 6.23 57.45 63.68 OK
r-patched-solaris-x86 1.3.1 107.10 NOTE
r-release-linux-x86_64 1.3.1 6.10 57.81 63.91 OK
r-release-macos-x86_64 1.3.1 NOTE
r-release-windows-ix86+x86_64 1.3.1 13.00 86.00 99.00 NOTE
r-oldrel-macos-x86_64 1.3.1 NOTE
r-oldrel-windows-ix86+x86_64 1.3.1 8.00 88.00 96.00 NOTE

Check Details

Version: 1.3.1
Check: installed package size
Result: NOTE
     installed size is 5.5Mb
     sub-directories of 1Mb or more:
     data 4.6Mb
Flavors: r-devel-linux-x86_64-fedora-clang, r-devel-windows-ix86+x86_64, r-patched-solaris-x86, r-release-macos-x86_64, r-release-windows-ix86+x86_64, r-oldrel-macos-x86_64, r-oldrel-windows-ix86+x86_64