CRAN Package Check Results for Package wooldridge

Last updated on 2019-12-09 10:50:08 CET.

Flavor Version Tinstall Tcheck Ttotal Status Flags
r-devel-linux-x86_64-debian-clang 1.3.1 6.50 63.93 70.43 OK
r-devel-linux-x86_64-debian-gcc 1.3.1 5.13 50.78 55.91 OK
r-devel-linux-x86_64-fedora-clang 1.3.1 88.81 NOTE
r-devel-linux-x86_64-fedora-gcc 1.3.1 80.38 OK
r-devel-windows-ix86+x86_64 1.3.1 13.00 114.00 127.00 NOTE
r-devel-windows-ix86+x86_64-gcc8 1.3.1 14.00 76.00 90.00 NOTE
r-patched-linux-x86_64 1.3.1 5.36 60.01 65.37 OK
r-patched-solaris-x86 1.3.1 99.80 NOTE
r-release-linux-x86_64 1.3.1 5.73 59.91 65.64 OK
r-release-windows-ix86+x86_64 1.3.1 18.00 79.00 97.00 NOTE
r-release-osx-x86_64 1.3.1 NOTE
r-oldrel-windows-ix86+x86_64 1.3.1 10.00 65.00 75.00 NOTE
r-oldrel-osx-x86_64 1.3.1 NOTE

Check Details

Version: 1.3.1
Check: installed package size
Result: NOTE
     installed size is 5.5Mb
     sub-directories of 1Mb or more:
     data 4.6Mb
Flavors: r-devel-linux-x86_64-fedora-clang, r-devel-windows-ix86+x86_64, r-devel-windows-ix86+x86_64-gcc8, r-patched-solaris-x86, r-release-windows-ix86+x86_64, r-release-osx-x86_64, r-oldrel-windows-ix86+x86_64, r-oldrel-osx-x86_64