CRAN Package Check Results for Package wmwpow

Last updated on 2023-02-08 10:57:45 CET.

Flavor Version Tinstall Tcheck Ttotal Status Flags
r-devel-linux-x86_64-debian-clang 0.1.3 3.15 37.05 40.20 NOTE
r-devel-linux-x86_64-debian-gcc 0.1.3 2.36 27.76 30.12 NOTE
r-devel-linux-x86_64-fedora-clang 0.1.3 48.89 NOTE
r-devel-linux-x86_64-fedora-gcc 0.1.3 50.82 NOTE
r-devel-windows-x86_64 0.1.3 8.00 64.00 72.00 NOTE
r-patched-linux-x86_64 0.1.3 2.73 36.29 39.02 NOTE
r-release-linux-x86_64 0.1.3 2.86 36.40 39.26 NOTE
r-release-macos-arm64 0.1.3 17.00 NOTE
r-release-macos-x86_64 0.1.3 25.00 NOTE
r-release-windows-x86_64 0.1.3 11.00 68.00 79.00 NOTE
r-oldrel-macos-arm64 0.1.3 21.00 NOTE
r-oldrel-macos-x86_64 0.1.3 31.00 NOTE
r-oldrel-windows-ix86+x86_64 0.1.3 9.00 63.00 72.00 NOTE

Check Details

Version: 0.1.3
Check: LazyData
Result: NOTE
     'LazyData' is specified without a 'data' directory
Flavors: r-devel-linux-x86_64-debian-clang, r-devel-linux-x86_64-debian-gcc, r-devel-linux-x86_64-fedora-clang, r-devel-linux-x86_64-fedora-gcc, r-devel-windows-x86_64, r-patched-linux-x86_64, r-release-linux-x86_64, r-release-macos-arm64, r-release-macos-x86_64, r-release-windows-x86_64, r-oldrel-macos-arm64, r-oldrel-macos-x86_64, r-oldrel-windows-ix86+x86_64

Version: 0.1.3
Check: dependencies in R code
Result: NOTE
    Namespace in Imports field not imported from: ‘MASS’
     All declared Imports should be used.
Flavors: r-devel-linux-x86_64-fedora-clang, r-devel-linux-x86_64-fedora-gcc, r-release-macos-arm64, r-release-macos-x86_64, r-oldrel-macos-arm64, r-oldrel-macos-x86_64