CRAN Package Check Results for Package wk

Last updated on 2024-07-16 09:50:28 CEST.

Flavor Version Tinstall Tcheck Ttotal Status Flags
r-devel-linux-x86_64-debian-clang 0.9.2 24.43 92.82 117.25 OK
r-devel-linux-x86_64-debian-gcc 0.9.2 16.62 68.18 84.80 OK
r-devel-linux-x86_64-fedora-clang 0.9.2 151.74 NOTE
r-devel-linux-x86_64-fedora-gcc 0.9.2 144.82 NOTE
r-devel-windows-x86_64 0.9.2 34.00 114.00 148.00 OK
r-patched-linux-x86_64 0.9.2 25.59 90.44 116.03 OK
r-release-linux-x86_64 0.9.2 24.77 91.33 116.10 OK
r-release-macos-arm64 0.9.2 61.00 OK
r-release-macos-x86_64 0.9.2 157.00 OK
r-release-windows-x86_64 0.9.2 39.00 111.00 150.00 OK
r-oldrel-macos-arm64 0.9.2 61.00 OK
r-oldrel-macos-x86_64 0.9.2 132.00 OK
r-oldrel-windows-x86_64 0.9.2 40.00 118.00 158.00 OK

Check Details

Version: 0.9.2
Check: data for non-ASCII characters
Result: NOTE Note: found 3881 marked UTF-8 strings Flavors: r-devel-linux-x86_64-fedora-clang, r-devel-linux-x86_64-fedora-gcc