Last updated on 2024-04-23 10:54:21 CEST.
Flavor | Version | Tinstall | Tcheck | Ttotal | Status | Flags |
---|---|---|---|---|---|---|
r-devel-linux-x86_64-debian-clang | 2.4.2 | 0.39 | 2.21 | 2.60 | ERROR | |
r-devel-linux-x86_64-debian-gcc | 2.4.2 | 8.96 | 78.20 | 87.16 | OK | |
r-devel-linux-x86_64-fedora-clang | 2.4.2 | 161.84 | NOTE | |||
r-devel-linux-x86_64-fedora-gcc | 2.4.2 | 161.74 | OK | |||
r-prerel-macos-arm64 | 2.4.2 | 47.00 | OK | |||
r-prerel-macos-x86_64 | 2.4.2 | 81.00 | OK | |||
r-prerel-windows-x86_64 | 2.4.2 | 11.00 | 97.00 | 108.00 | OK | |
r-patched-linux-x86_64 | 2.4.2 | 11.32 | 103.78 | 115.10 | OK | |
r-release-linux-x86_64 | 2.4.2 | 9.34 | 104.50 | 113.84 | OK | |
r-release-macos-arm64 | 2.4.2 | 50.00 | OK | |||
r-release-macos-x86_64 | 2.4.2 | 78.00 | OK | |||
r-release-windows-x86_64 | 2.4.2 | 15.00 | 117.00 | 132.00 | OK | |
r-oldrel-macos-arm64 | 2.4.2 | 44.00 | OK | |||
r-oldrel-windows-x86_64 | 2.4.2 | 15.00 | 115.00 | 130.00 | OK |
Version: 2.4.2
Check: package dependencies
Result: ERROR
Package required but not available: ‘DESeq2’
See section ‘The DESCRIPTION file’ in the ‘Writing R Extensions’
manual.
Flavor: r-devel-linux-x86_64-debian-clang
Version: 2.4.2
Check: package dependencies
Result: NOTE
Imports includes 31 non-default packages.
Importing from so many packages makes the package vulnerable to any of
them becoming unavailable. Move as many as possible to Suggests and
use conditionally.
Flavor: r-devel-linux-x86_64-fedora-clang