Last updated on 2023-01-28 10:51:45 CET.
Flavor | Version | Tinstall | Tcheck | Ttotal | Status | Flags |
---|---|---|---|---|---|---|
r-devel-linux-x86_64-debian-clang | 0.4.0 | 2.97 | 33.14 | 36.11 | OK | |
r-devel-linux-x86_64-debian-gcc | 0.4.0 | 2.12 | 25.88 | 28.00 | OK | |
r-devel-linux-x86_64-fedora-clang | 0.4.0 | 46.72 | NOTE | |||
r-devel-linux-x86_64-fedora-gcc | 0.4.0 | 56.07 | OK | |||
r-patched-linux-x86_64 | 0.4.0 | 3.17 | 32.45 | 35.62 | OK | |
r-release-linux-x86_64 | 0.4.0 | 2.26 | 32.49 | 34.75 | OK | |
r-release-macos-arm64 | 0.4.0 | 22.00 | OK | |||
r-release-macos-x86_64 | 0.4.0 | 34.00 | OK | |||
r-release-windows-x86_64 | 0.4.0 | 37.00 | 69.00 | 106.00 | OK | |
r-oldrel-macos-arm64 | 0.4.0 | 25.00 | OK | |||
r-oldrel-macos-x86_64 | 0.4.0 | 34.00 | OK | |||
r-oldrel-windows-ix86+x86_64 | 0.4.0 | 10.00 | 59.00 | 69.00 | OK |
Version: 0.4.0
Check: Rd cross-references
Result: NOTE
Undeclared package ‘httr’ in Rd xrefs
Flavor: r-devel-linux-x86_64-fedora-clang