Last updated on 2023-04-02 09:57:00 CEST.
Flavor | Version | Tinstall | Tcheck | Ttotal | Status | Flags |
---|---|---|---|---|---|---|
r-devel-linux-x86_64-debian-clang | 2.1.6 | 6.00 | 52.22 | 58.22 | OK | |
r-devel-linux-x86_64-debian-gcc | 2.1.6 | 3.96 | 39.81 | 43.77 | OK | |
r-devel-linux-x86_64-fedora-clang | 2.1.6 | 72.60 | OK | |||
r-devel-linux-x86_64-fedora-gcc | 2.1.6 | 67.88 | OK | |||
r-patched-linux-x86_64 | 2.1.6 | 5.88 | 49.23 | 55.11 | OK | |
r-release-linux-x86_64 | 2.1.6 | 4.97 | 50.42 | 55.39 | OK | |
r-release-macos-arm64 | 2.1.6 | 29.00 | OK | |||
r-release-macos-x86_64 | 2.1.6 | 55.00 | OK | |||
r-release-windows-x86_64 | 2.1.6 | 46.00 | 88.00 | 134.00 | OK | |
r-oldrel-macos-arm64 | 2.1.6 | 34.00 | OK | |||
r-oldrel-macos-x86_64 | 2.1.6 | 45.00 | OK | |||
r-oldrel-windows-ix86+x86_64 | 2.1.6 | 15.00 | 82.00 | 97.00 | NOTE |
Version: 2.1.6
Check: dependencies in R code
Result: NOTE
Initiating curl with CURL_SSL_BACKEND: openssl
Flavor: r-oldrel-windows-ix86+x86_64